(44570,4154,4388,0,'Jordan','2023-11-26 20:42:44'),(44571,4154,4388,14,'Sariego','2023-11-26 20:42:44'),(44572,4154,4388,1,'jst_21_sariego@hotmail.com','2023-11-26 20:42:44'),(44573,4154,4388,3,'+56967375276','2023-11-26 20:42:44'),(44574,4154,4388,5,'16103480-0','2023-11-26 20:42:44'),(44575,4154,4388,6,'Quilpué','2023-11-26 20:42:44'),(44576,4154,4388,7,'$800.000 a $1.100.000','2023-11-26 20:42:44'),(44577,4154,4388,10,'SI','2023-11-26 20:42:44'),(44578,4154,4388,9,'SI','2023-11-26 20:42:44'),(44579,4154,4388,4,'Información','2023-11-26 20:42:44'),(44580,4154,4388,15,'Acepto los Términos de Políticas de Privacidad','2023-11-26 20:42:44'),(44581,4155,4388,0,'Fernando','2023-11-27 01:55:36'),(44582,4155,4388,14,'Herrera','2023-11-27 01:55:36'),(44583,4155,4388,1,'nino3bombero@gmail.com','2023-11-27 01:55:36'),(44584,4155,4388,3,'+56975469778','2023-11-27 01:55:36'),(44585,4155,4388,5,'13995412-2','2023-11-27 01:55:36'),(44586,4155,4388,6,'Villa Alemana','2023-11-27 01:55:36'),(44587,4155,4388,7,'$800.000 a $1.100.000','2023-11-27 01:55:36'),(44588,4155,4388,10,'NO','2023-11-27 01:55:36'),(44589,4155,4388,9,'SI','2023-11-27 01:55:36'),(44590,4155,4388,4,'Cómo puedo postular al proyecto','2023-11-27 01:55:36'),(44591,4155,4388,15,'Acepto los Términos de Políticas de Privacidad','2023-11-27 01:55:36'),(44592,4156,4388,0,'Fabiola','2023-11-27 02:04:19'),(44593,4156,4388,14,'Barredo','2023-11-27 02:04:19'),(44594,4156,4388,1,'f.barredo.1994@gmail.com','2023-11-27 02:04:19'),(44595,4156,4388,3,'+56938962191','2023-11-27 02:04:19'),(44596,4156,4388,5,'22592011-7','2023-11-27 02:04:19'),(44597,4156,4388,6,'La Cisterna','2023-11-27 02:04:19'),(44598,4156,4388,7,'Menos de $500.000','2023-11-27 02:04:19'),(44599,4156,4388,10,'NO','2023-11-27 02:04:19'),(44600,4156,4388,9,'SI','2023-11-27 02:04:19'),(44601,4156,4388,4,'Como obtener algún subsidio','2023-11-27 02:04:19'),(44602,4156,4388,15,'Acepto los Términos de Políticas de Privacidad','2023-11-27 02:04:19'),(44603,4157,4388,0,'Marjorie Alejandra','2023-11-27 03:37:11'),(44604,4157,4388,14,'Retamal Jofré','2023-11-27 03:37:11'),(44605,4157,4388,1,'retamaljofre@gmail.com','2023-11-27 03:37:11'),(44606,4157,4388,3,'+56963885446','2023-11-27 03:37:11'),(44607,4157,4388,5,'15660117-9','2023-11-27 03:37:11'),(44608,4157,4388,6,'Villa Alemana','2023-11-27 03:37:11'),(44609,4157,4388,7,'$800.000 a $1.100.000','2023-11-27 03:37:11'),(44610,4157,4388,10,'SI','2023-11-27 03:37:11'),(44611,4157,4388,9,'SI','2023-11-27 03:37:11'),(44612,4157,4388,4,'Quiero ver la possibilidad de comprar un departamento','2023-11-27 03:37:11'),(44613,4157,4388,15,'Acepto los Términos de Políticas de Privacidad','2023-11-27 03:37:11'),(44614,4158,4388,0,'Juan','2023-11-27 13:52:09'),(44615,4158,4388,14,'Rivera','2023-11-27 13:52:09'),(44616,4158,4388,1,'gissel.aguilar.1818@gmail.com','2023-11-27 13:52:09'),(44617,4158,4388,3,'+56956275647','2023-11-27 13:52:09'),(44618,4158,4388,5,'18582974-5','2023-11-27 13:52:09'),(44619,4158,4388,6,'Quilpué','2023-11-27 13:52:09'),(44620,4158,4388,7,'$500.000 a $800.000','2023-11-27 13:52:09'),(44621,4158,4388,10,'NO','2023-11-27 13:52:09'),(44622,4158,4388,9,'SI','2023-11-27 13:52:09'),(44623,4158,4388,4,'quiero saber si puedo adquirir un depto.,','2023-11-27 13:52:09'),(44624,4158,4388,15,'Acepto los Términos de Políticas de Privacidad','2023-11-27 13:52:09'),(44625,4159,4388,0,'Johana','2023-11-27 18:02:47'),(44626,4159,4388,14,'Coronado','2023-11-27 18:02:47'),(44627,4159,4388,1,'johanariveros1989@gmail.com','2023-11-27 18:02:47'),(44628,4159,4388,3,'+56966348550','2023-11-27 18:02:47'),(44629,4159,4388,5,'25370577-9','2023-11-27 18:02:47'),(44630,4159,4388,6,'Pudahuel','2023-11-27 18:02:47'),(44631,4159,4388,7,'Menos de $500.000','2023-11-27 18:02:47'),(44632,4159,4388,10,'SI','2023-11-27 18:02:47'),(44633,4159,4388,9,'SI','2023-11-27 18:02:47'),(44634,4159,4388,4,'Necesito saber si cumplo con los requisitos.  Y más información','2023-11-27 18:02:47'),(44635,4159,4388,15,'Acepto los Términos de Políticas de Privacidad','2023-11-27 18:02:47'),(44636,4160,4388,0,'Sebastián','2023-11-27 22:12:53'),(44637,4160,4388,14,'Milla','2023-11-27 22:12:53'),(44638,4160,4388,1,'sebastianmilla_r@hotmail.com','2023-11-27 22:12:53'),(44639,4160,4388,3,'+56997166486','2023-11-27 22:12:53'),(44640,4160,4388,5,'17503212-6','2023-11-27 22:12:53'),(44641,4160,4388,6,'O\'Higgins','2023-11-27 22:12:53'),(44642,4160,4388,7,'$500.000 a $800.000','2023-11-27 22:12:53'),(44643,4160,4388,10,'SI','2023-11-27 22:12:53'),(44644,4160,4388,9,'SI','2023-11-27 22:12:53'),(44645,4160,4388,4,'Hola quisiera más información \r\nDe los dpto que están en rancagua por favor','2023-11-27 22:12:53'),(44646,4160,4388,15,'Acepto los Términos de Políticas de Privacidad','2023-11-27 22:12:53'),(44647,4161,4388,0,'Indiana briyitt','2023-11-27 23:25:36'),(44648,4161,4388,14,'Atencio guillen','2023-11-27 23:25:36'),(44649,4161,4388,1,'indianabriyitt.23@gmail.com','2023-11-27 23:25:36'),(44650,4161,4388,3,'+56947350037','2023-11-27 23:25:36'),(44651,4161,4388,5,'27129635-5','2023-11-27 23:25:36'),(44652,4161,4388,6,'Paine','2023-11-27 23:25:36'),(44653,4161,4388,7,'Menos de $500.000','2023-11-27 23:25:36'),(44654,4161,4388,10,'NO','2023-11-27 23:25:36'),(44655,4161,4388,9,'SI','2023-11-27 23:25:36'),(44656,4161,4388,4,'Necesito el bono por favor','2023-11-27 23:25:36'),(44657,4161,4388,15,'Acepto los Términos de Políticas de Privacidad','2023-11-27 23:25:36'),(44658,4162,4388,0,'Thiare','2023-11-28 17:31:23'),(44659,4162,4388,14,'Orellana','2023-11-28 17:31:23'),(44660,4162,4388,1,'tyaaredenisse@gmail.com','2023-11-28 17:31:23'),(44661,4162,4388,3,'+56937214842','2023-11-28 17:31:23'),(44662,4162,4388,5,'20348301-5','2023-11-28 17:31:23'),(44663,4162,4388,6,'Viña del Mar','2023-11-28 17:31:23'),(44664,4162,4388,7,'$500.000 a $800.000','2023-11-28 17:31:23'),(44665,4162,4388,10,'NO','2023-11-28 17:31:23'),(44666,4162,4388,9,'SI','2023-11-28 17:31:23'),(44667,4162,4388,4,'Hola quisiera mas información sobré como poder postular a una vivienda, estoy embarazada, soy madre soltera y no tengo un hogar propio','2023-11-28 17:31:23'),(44668,4162,4388,15,'Acepto los Términos de Políticas de Privacidad','2023-11-28 17:31:23'),(44669,4163,4388,0,'Catherine','2023-11-29 03:35:42'),(44670,4163,4388,14,'Gonzalez','2023-11-29 03:35:42'),(44671,4163,4388,1,'catitacata1251@gmail.com','2023-11-29 03:35:42'),(44672,4163,4388,3,'+56949417349','2023-11-29 03:35:42'),(44673,4163,4388,5,'13767358-4','2023-11-29 03:35:42'),(44674,4163,4388,6,'Quilpué','2023-11-29 03:35:42'),(44675,4163,4388,7,'$1.300.000 a $1.600.000','2023-11-29 03:35:42'),(44676,4163,4388,10,'NO','2023-11-29 03:35:42'),(44677,4163,4388,9,'NO','2023-11-29 03:35:42'),(44678,4163,4388,4,'Quiero comprar un departamento','2023-11-29 03:35:42'),(44679,4163,4388,15,'Acepto los Términos de Políticas de Privacidad','2023-11-29 03:35:42'),(44680,4164,4388,0,'María Cristina','2023-11-29 14:14:49'),(44681,4164,4388,14,'Contreras Bustos','2023-11-29 14:14:49'),(44682,4164,4388,1,'contrerasmariacristina13@gmail.com','2023-11-29 14:14:49'),(44683,4164,4388,3,'+56946414697','2023-11-29 14:14:49'),(44684,4164,4388,5,'12013976-2','2023-11-29 14:14:49'),(44685,4164,4388,6,'Peñalolén','2023-11-29 14:14:49'),(44686,4164,4388,7,'$500.000 a $800.000','2023-11-29 14:14:49'),(44687,4164,4388,10,'NO','2023-11-29 14:14:49'),(44688,4164,4388,9,'NO','2023-11-29 14:14:49'),(44689,4164,4388,4,'Nesecito postular pero no puedo creo q no esta actualizada mi ficha de hogar','2023-11-29 14:14:49'),(44690,4164,4388,15,'Acepto los Términos de Políticas de Privacidad','2023-11-29 14:14:49'),(44691,4165,4388,0,'Belen','2023-11-29 19:28:37'),(44692,4165,4388,14,'Cortes','2023-11-29 19:28:37'),(44693,4165,4388,1,'belencortesvalladares@gmail.com','2023-11-29 19:28:37'),(44694,4165,4388,3,'+56922475427','2023-11-29 19:28:37'),(44695,4165,4388,5,'19991871-0','2023-11-29 19:28:37'),(44696,4165,4388,6,'San Bernardo','2023-11-29 19:28:37'),(44697,4165,4388,7,'Menos de $500.000','2023-11-29 19:28:37'),(44698,4165,4388,10,'NO','2023-11-29 19:28:37'),(44699,4165,4388,9,'SI','2023-11-29 19:28:37'),(44700,4165,4388,4,'Como conseguir un subsidio','2023-11-29 19:28:37'),(44701,4165,4388,15,'Acepto los Términos de Políticas de Privacidad','2023-11-29 19:28:37'),(44702,4166,4388,0,'Rossana','2023-11-30 00:09:33'),(44703,4166,4388,14,'Mascayano González','2023-11-30 00:09:33'),(44704,4166,4388,1,'mascayano@yahoo.com','2023-11-30 00:09:33'),(44705,4166,4388,3,'+56981384688','2023-11-30 00:09:33'),(44706,4166,4388,5,'11830265-2','2023-11-30 00:09:33'),(44707,4166,4388,6,'Santiago','2023-11-30 00:09:33'),(44708,4166,4388,7,'$500.000 a $800.000','2023-11-30 00:09:33'),(44709,4166,4388,10,'NO','2023-11-30 00:09:33'),(44710,4166,4388,9,'SI','2023-11-30 00:09:33'),(44711,4166,4388,4,'Quiero saber si puedo optar al subsidio. De la vivienda','2023-11-30 00:09:33'),(44712,4166,4388,15,'Acepto los Términos de Políticas de Privacidad','2023-11-30 00:09:33'),(44713,4167,4388,0,'Cynthia barbara','2023-11-30 13:16:47'),(44714,4167,4388,14,'Farias vidal','2023-11-30 13:16:47'),(44715,4167,4388,1,'farias.c.vidal.b@gmail.com','2023-11-30 13:16:47'),(44716,4167,4388,3,'+56993414429','2023-11-30 13:16:47'),(44717,4167,4388,5,'15417462-1','2023-11-30 13:16:47'),(44718,4167,4388,6,'Colina','2023-11-30 13:16:47'),(44719,4167,4388,7,'$500.000 a $800.000','2023-11-30 13:16:47'),(44720,4167,4388,10,'NO','2023-11-30 13:16:47'),(44721,4167,4388,9,'SI','2023-11-30 13:16:47'),(44722,4167,4388,4,'Como lo ago para postular a una vivienda en villa?','2023-11-30 13:16:47'),(44723,4167,4388,15,'Acepto los Términos de Políticas de Privacidad','2023-11-30 13:16:47'),(44724,4168,4388,0,'Valeria','2023-11-30 16:05:34'),(44725,4168,4388,14,'Vargas Ortega','2023-11-30 16:05:34'),(44726,4168,4388,1,'vortegapaz@gmail.com','2023-11-30 16:05:34'),(44727,4168,4388,3,'+56996385369','2023-11-30 16:05:34'),(44728,4168,4388,5,'19490706-0','2023-11-30 16:05:34'),(44729,4168,4388,6,'Villa Alemana','2023-11-30 16:05:34'),(44730,4168,4388,7,'$1.300.000 a $1.600.000','2023-11-30 16:05:34'),(44731,4168,4388,10,'SI','2023-11-30 16:05:34'),(44732,4168,4388,9,'SI','2023-11-30 16:05:34'),(44733,4168,4388,4,'no se de que se trata el ds19 y ds1','2023-11-30 16:05:34'),(44734,4168,4388,15,'Acepto los Términos de Políticas de Privacidad','2023-11-30 16:05:34'),(44735,4169,4388,0,'Karen','2023-11-30 20:36:55'),(44736,4169,4388,14,'Benavides','2023-11-30 20:36:55'),(44737,4169,4388,1,'benavidescisternaskaren@gmail.com','2023-11-30 20:36:55'),(44738,4169,4388,3,'+56956222091','2023-11-30 20:36:55'),(44739,4169,4388,5,'16539782-5','2023-11-30 20:36:55'),(44740,4169,4388,6,'Quillota','2023-11-30 20:36:55'),(44741,4169,4388,7,'$1.600.000 o más','2023-11-30 20:36:55'),(44742,4169,4388,10,'NO','2023-11-30 20:36:55'),(44743,4169,4388,9,'SI','2023-11-30 20:36:55'),(44744,4169,4388,4,'Información','2023-11-30 20:36:55'),(44745,4169,4388,15,'Acepto los Términos de Políticas de Privacidad','2023-11-30 20:36:55'),(44746,4170,4388,0,'Elsa','2023-11-30 20:58:08'),(44747,4170,4388,14,'Rojas','2023-11-30 20:58:08'),(44748,4170,4388,1,'elsacatalina.rojas@gmail.com','2023-11-30 20:58:08'),(44749,4170,4388,3,'+56990444250','2023-11-30 20:58:08'),(44750,4170,4388,5,'19771969-9','2023-11-30 20:58:08'),(44751,4170,4388,6,'Villa Alemana','2023-11-30 20:58:08'),(44752,4170,4388,7,'$800.000 a $1.100.000','2023-11-30 20:58:08'),(44753,4170,4388,10,'SI','2023-11-30 20:58:08'),(44754,4170,4388,9,'SI','2023-11-30 20:58:08'),(44755,4170,4388,4,'Mi pareja gana $650.000 liquido, ambas sacamos $1.400.000 aprox','2023-11-30 20:58:08'),(44756,4170,4388,15,'Acepto los Términos de Políticas de Privacidad','2023-11-30 20:58:08'),(44757,4171,4388,0,'José','2023-11-30 21:56:52'),(44758,4171,4388,14,'Bernal','2023-11-30 21:56:52'),(44759,4171,4388,1,'josemieresz7731@gmail.com','2023-11-30 21:56:52'),(44760,4171,4388,3,'+56951801757','2023-11-30 21:56:52'),(44761,4171,4388,5,'23935958-2','2023-11-30 21:56:52'),(44762,4171,4388,6,'Mejillones','2023-11-30 21:56:52'),(44763,4171,4388,7,'Menos de $500.000','2023-11-30 21:56:52'),(44764,4171,4388,10,'NO','2023-11-30 21:56:52'),(44765,4171,4388,9,'SI','2023-11-30 21:56:52'),(44766,4171,4388,4,'Quiero postular al ds 1 tramo 1','2023-11-30 21:56:52'),(44767,4171,4388,15,'Acepto los Términos de Políticas de Privacidad','2023-11-30 21:56:52'),(44768,4172,4388,0,'Janis','2023-12-01 15:03:44'),(44769,4172,4388,14,'Ascencio','2023-12-01 15:03:44'),(44770,4172,4388,1,'sayersayer04@gmail.com','2023-12-01 15:03:44'),(44771,4172,4388,3,'+56928557783','2023-12-01 15:03:44'),(44772,4172,4388,5,'20057371-4','2023-12-01 15:03:44'),(44773,4172,4388,6,'Pudahuel','2023-12-01 15:03:44'),(44774,4172,4388,7,'Menos de $500.000','2023-12-01 15:03:44'),(44775,4172,4388,10,'NO','2023-12-01 15:03:44'),(44776,4172,4388,9,'SI','2023-12-01 15:03:44'),(44777,4172,4388,4,'Necesito postular al subsidio de vivienda','2023-12-01 15:03:44'),(44778,4172,4388,15,'Acepto los Términos de Políticas de Privacidad','2023-12-01 15:03:44'),(44779,4173,4388,0,'Matias','2023-12-01 23:02:53'),(44780,4173,4388,14,'Silva','2023-12-01 23:02:53'),(44781,4173,4388,1,'matiassilva2312@gmail.com','2023-12-01 23:02:53'),(44782,4173,4388,3,'+56976232897','2023-12-01 23:02:53'),(44783,4173,4388,5,'20951396-0','2023-12-01 23:02:53'),(44784,4173,4388,6,'Renca','2023-12-01 23:02:53'),(44785,4173,4388,7,'$500.000 a $800.000','2023-12-01 23:02:53'),(44786,4173,4388,10,'NO','2023-12-01 23:02:53'),(44787,4173,4388,9,'NO','2023-12-01 23:02:53'),(44788,4173,4388,4,'Saber como piedonpostular al subsidio','2023-12-01 23:02:53'),(44789,4173,4388,15,'Acepto los Términos de Políticas de Privacidad','2023-12-01 23:02:53'),(44790,4174,4388,0,'Mayte','2023-12-02 12:13:13'),(44791,4174,4388,14,'Egaña','2023-12-02 12:13:13'),(44792,4174,4388,1,'mayte.anais@hotmail.es','2023-12-02 12:13:13'),(44793,4174,4388,3,'+56998370362','2023-12-02 12:13:13'),(44794,4174,4388,5,'19192198-4','2023-12-02 12:13:13'),(44795,4174,4388,6,'Quilpué','2023-12-02 12:13:13'),(44796,4174,4388,7,'$800.000 a $1.100.000','2023-12-02 12:13:13'),(44797,4174,4388,10,'SI','2023-12-02 12:13:13'),(44798,4174,4388,9,'SI','2023-12-02 12:13:13'),(44799,4174,4388,4,'Necesito información','2023-12-02 12:13:13'),(44800,4174,4388,15,'Acepto los Términos de Políticas de Privacidad','2023-12-02 12:13:13'),(44801,4175,4388,0,'Sara','2023-12-02 13:48:41'),(44802,4175,4388,14,'Riveras','2023-12-02 13:48:41'),(44803,4175,4388,1,'sarelivict@gmail.com','2023-12-02 13:48:41'),(44804,4175,4388,3,'+56996539682','2023-12-02 13:48:41'),(44805,4175,4388,5,'25399383-9','2023-12-02 13:48:41'),(44806,4175,4388,6,'Viña del Mar','2023-12-02 13:48:41'),(44807,4175,4388,7,'$1.300.000 a $1.600.000','2023-12-02 13:48:41'),(44808,4175,4388,10,'SI','2023-12-02 13:48:41'),(44809,4175,4388,9,'SI','2023-12-02 13:48:41'),(44810,4175,4388,4,'Información del proyecto','2023-12-02 13:48:41'),(44811,4175,4388,15,'Acepto los Términos de Políticas de Privacidad','2023-12-02 13:48:41'),(44812,4176,4388,0,'Carolina','2023-12-02 13:52:34'),(44813,4176,4388,14,'Díaz delgado','2023-12-02 13:52:34'),(44814,4176,4388,1,'carolina.ddelgado@gmail.com','2023-12-02 13:52:34'),(44815,4176,4388,3,'+56977055346','2023-12-02 13:52:34'),(44816,4176,4388,5,'16573489-0','2023-12-02 13:52:34'),(44817,4176,4388,6,'Villa Alemana','2023-12-02 13:52:34'),(44818,4176,4388,7,'$500.000 a $800.000','2023-12-02 13:52:34'),(44819,4176,4388,10,'NO','2023-12-02 13:52:34'),(44820,4176,4388,9,'SI','2023-12-02 13:52:34'),(44821,4176,4388,4,'Vi en su proyecto que tienen integración social yo soy sola con mi hijo viuda y necesito una vivienda par vivir para que mi hijo este tranquilo  que se necesita para postular no tengo donde vivir gracias','2023-12-02 13:52:34'),(44822,4176,4388,15,'Acepto los Términos de Políticas de Privacidad','2023-12-02 13:52:34'),(44823,4177,4388,0,'ana','2023-12-02 15:47:33'),(44824,4177,4388,14,'noveroy','2023-12-02 15:47:33'),(44825,4177,4388,1,'mmartineznoveroy@gmail.com','2023-12-02 15:47:33'),(44826,4177,4388,3,'+56966600640','2023-12-02 15:47:33'),(44827,4177,4388,5,'09670473-9','2023-12-02 15:47:33'),(44828,4177,4388,6,'Valparaíso','2023-12-02 15:47:33'),(44829,4177,4388,7,'Menos de $500.000','2023-12-02 15:47:33'),(44830,4177,4388,10,'NO','2023-12-02 15:47:33'),(44831,4177,4388,9,'SI','2023-12-02 15:47:33'),(44832,4177,4388,4,'hola, quisiera  saber si tienen proyectos integración social con un subsidio ya otorgado el ds49','2023-12-02 15:47:33'),(44833,4177,4388,15,'Acepto los Términos de Políticas de Privacidad','2023-12-02 15:47:33'),(44834,4178,4388,0,'Ricardo','2023-12-02 18:26:08'),(44835,4178,4388,14,'Arce','2023-12-02 18:26:08'),(44836,4178,4388,1,'ricardomauriarce13@gmail.com','2023-12-02 18:26:08'),(44837,4178,4388,3,'+56985664409','2023-12-02 18:26:08'),(44838,4178,4388,5,'12429307-3','2023-12-02 18:26:08'),(44839,4178,4388,6,'El Bosque','2023-12-02 18:26:08'),(44840,4178,4388,7,'$800.000 a $1.100.000','2023-12-02 18:26:08'),(44841,4178,4388,10,'SI','2023-12-02 18:26:08'),(44842,4178,4388,9,'NO','2023-12-02 18:26:08'),(44843,4178,4388,4,'Quiero ssber como funciona el ds19','2023-12-02 18:26:08'),(44844,4178,4388,15,'Acepto los Términos de Políticas de Privacidad','2023-12-02 18:26:08'),(44845,4179,4388,0,'Joselinne','2023-12-03 00:09:11'),(44846,4179,4388,14,'Albán','2023-12-03 00:09:11'),(44847,4179,4388,1,'joselynalban05@gmail.com','2023-12-03 00:09:11'),(44848,4179,4388,3,'+56999445721','2023-12-03 00:09:11'),(44849,4179,4388,5,'26002705-0','2023-12-03 00:09:11'),(44850,4179,4388,6,'Concón','2023-12-03 00:09:11'),(44851,4179,4388,7,'Menos de $500.000','2023-12-03 00:09:11'),(44852,4179,4388,10,'NO','2023-12-03 00:09:11'),(44853,4179,4388,9,'SI','2023-12-03 00:09:11'),(44854,4179,4388,4,'Hola quisiera saber cómo se postula para vivienda','2023-12-03 00:09:11'),(44855,4179,4388,15,'Acepto los Términos de Políticas de Privacidad','2023-12-03 00:09:11'),(44856,4180,4388,0,'Angelica Josefina','2023-12-04 12:14:19'),(44857,4180,4388,14,'Castro de tovar','2023-12-04 12:14:19'),(44858,4180,4388,1,'acastrodetovar1443@gmail.com','2023-12-04 12:14:19'),(44859,4180,4388,3,'+56923976549','2023-12-04 12:14:19'),(44860,4180,4388,5,'26743980-0','2023-12-04 12:14:19'),(44861,4180,4388,6,'San Bernardo','2023-12-04 12:14:19'),(44862,4180,4388,7,'$500.000 a $800.000','2023-12-04 12:14:19'),(44863,4180,4388,10,'NO','2023-12-04 12:14:19'),(44864,4180,4388,9,'SI','2023-12-04 12:14:19'),(44865,4180,4388,4,'Quisiera un subcidio de vivienda','2023-12-04 12:14:19'),(44866,4180,4388,15,'Acepto los Términos de Políticas de Privacidad','2023-12-04 12:14:19'),(44867,4181,4388,0,'Nataly','2023-12-05 15:47:40'),(44868,4181,4388,14,'Lastra','2023-12-05 15:47:40'),(44869,4181,4388,1,'lastranataly511@gmail.com','2023-12-05 15:47:40'),(44870,4181,4388,3,'+56990076334','2023-12-05 15:47:40'),(44871,4181,4388,5,'16517021-0','2023-12-05 15:47:40'),(44872,4181,4388,6,'La Granja','2023-12-05 15:47:40'),(44873,4181,4388,7,'Menos de $500.000','2023-12-05 15:47:40'),(44874,4181,4388,10,'NO','2023-12-05 15:47:40'),(44875,4181,4388,9,'SI','2023-12-05 15:47:40'),(44876,4181,4388,4,'Buenas tardes\r\nQuisiera saber si tiene integración social','2023-12-05 15:47:40'),(44877,4181,4388,15,'Acepto los Términos de Políticas de Privacidad','2023-12-05 15:47:40'),(44878,4182,4388,0,'Giovanna','2023-12-05 16:46:40'),(44879,4182,4388,14,'Montenegro Leiva','2023-12-05 16:46:40'),(44880,4182,4388,1,'giovanna.montenegroliva@gmail.com','2023-12-05 16:46:40'),(44881,4182,4388,3,'+56973757671','2023-12-05 16:46:40'),(44882,4182,4388,5,'12283375-7','2023-12-05 16:46:40'),(44883,4182,4388,6,'La Florida','2023-12-05 16:46:40'),(44884,4182,4388,7,'$500.000 a $800.000','2023-12-05 16:46:40'),(44885,4182,4388,10,'NO','2023-12-05 16:46:40'),(44886,4182,4388,9,'SI','2023-12-05 16:46:40'),(44887,4182,4388,4,'Que tengo que tener para postular','2023-12-05 16:46:40'),(44888,4182,4388,15,'Acepto los Términos de Políticas de Privacidad','2023-12-05 16:46:40'),(44889,4183,4388,0,'Maritza soledad','2023-12-05 22:38:59'),(44890,4183,4388,14,'San juan','2023-12-05 22:38:59'),(44891,4183,4388,1,'maritzasoledadsanjuan129@gmail.com','2023-12-05 22:38:59'),(44892,4183,4388,3,'+56958652691','2023-12-05 22:38:59'),(44893,4183,4388,5,'11695624-1','2023-12-05 22:38:59'),(44894,4183,4388,6,'San Bernardo','2023-12-05 22:38:59'),(44895,4183,4388,7,'Menos de $500.000','2023-12-05 22:38:59'),(44896,4183,4388,10,'NO','2023-12-05 22:38:59'),(44897,4183,4388,9,'SI','2023-12-05 22:38:59'),(44898,4183,4388,4,'Postular  para la vivienda','2023-12-05 22:38:59'),(44899,4183,4388,15,'Acepto los Términos de Políticas de Privacidad','2023-12-05 22:38:59'),(44900,4184,4388,0,'Denisse','2023-12-06 02:26:31'),(44901,4184,4388,14,'Olivos','2023-12-06 02:26:31'),(44902,4184,4388,1,'denisseestefaniaolivos@gmail.com','2023-12-06 02:26:31'),(44903,4184,4388,3,'+56971505967','2023-12-06 02:26:31'),(44904,4184,4388,5,'14554265-0','2023-12-06 02:26:31'),(44905,4184,4388,6,'Villa Alemana','2023-12-06 02:26:31'),(44906,4184,4388,7,'$1.300.000 a $1.600.000','2023-12-06 02:26:31'),(44907,4184,4388,10,'NO','2023-12-06 02:26:31'),(44908,4184,4388,9,'SI','2023-12-06 02:26:31'),(44909,4184,4388,4,'Necesito información\r\n\r\nRut correcto es 19528301k','2023-12-06 02:26:31'),(44910,4184,4388,15,'Acepto los Términos de Políticas de Privacidad','2023-12-06 02:26:31'),(44911,4185,4388,0,'Alisson','2023-12-06 17:28:33'),(44912,4185,4388,14,'Muñoz Lineros','2023-12-06 17:28:33'),(44913,4185,4388,1,'alissoncamila90@gmail.com','2023-12-06 17:28:33'),(44914,4185,4388,3,'+56922297553','2023-12-06 17:28:33'),(44915,4185,4388,5,'17877760-2','2023-12-06 17:28:33'),(44916,4185,4388,6,'Maipú','2023-12-06 17:28:33'),(44917,4185,4388,7,'Menos de $500.000','2023-12-06 17:28:33'),(44918,4185,4388,10,'NO','2023-12-06 17:28:33'),(44919,4185,4388,9,'SI','2023-12-06 17:28:33'),(44920,4185,4388,4,'Buenas tardes. Quisiera asesoría o información para postular a una vivienda con integración social \r\nNo estoy muy informada y no sé nada respecto al tema.','2023-12-06 17:28:33'),(44921,4185,4388,15,'Acepto los Términos de Políticas de Privacidad','2023-12-06 17:28:33'),(44922,4186,4388,0,'Carolina','2023-12-07 00:45:28'),(44923,4186,4388,14,'Concha','2023-12-07 00:45:28'),(44924,4186,4388,1,'carolinaconchariffo@gmail.com','2023-12-07 00:45:28'),(44925,4186,4388,3,'+56946315059','2023-12-07 00:45:28'),(44926,4186,4388,5,'19776880-0','2023-12-07 00:45:28'),(44927,4186,4388,6,'Villa Alemana','2023-12-07 00:45:28'),(44928,4186,4388,7,'$500.000 a $800.000','2023-12-07 00:45:28'),(44929,4186,4388,10,'NO','2023-12-07 00:45:28'),(44930,4186,4388,9,'SI','2023-12-07 00:45:28'),(44931,4186,4388,4,'Quisiera saber si hay disponibilidad de postular al ds19 para un departamento de menos de 3 dormitorios.','2023-12-07 00:45:28'),(44932,4186,4388,15,'Acepto los Términos de Políticas de Privacidad','2023-12-07 00:45:28'),(44933,4187,4388,0,'Carolina','2023-12-07 00:47:32'),(44934,4187,4388,14,'Concha','2023-12-07 00:47:32'),(44935,4187,4388,1,'carolinaconchariffo@gmail.com','2023-12-07 00:47:32'),(44936,4187,4388,3,'+56946315059','2023-12-07 00:47:32'),(44937,4187,4388,5,'19776880-0','2023-12-07 00:47:32'),(44938,4187,4388,6,'Villa Alemana','2023-12-07 00:47:32'),(44939,4187,4388,7,'$500.000 a $800.000','2023-12-07 00:47:32'),(44940,4187,4388,10,'SI','2023-12-07 00:47:32'),(44941,4187,4388,9,'SI','2023-12-07 00:47:32'),(44942,4187,4388,4,'Queria saber si se puede postular al subsidio DS19 para un departamento con menos de 3 habitaciones todavia.','2023-12-07 00:47:32'),(44943,4187,4388,15,'Acepto los Términos de Políticas de Privacidad','2023-12-07 00:47:32'),(44944,4188,4388,0,'Carolina','2023-12-07 00:59:20'),(44945,4188,4388,14,'Concha','2023-12-07 00:59:20'),(44946,4188,4388,1,'carolinaconchariffo@gmail.com','2023-12-07 00:59:20'),(44947,4188,4388,3,'+56946315059','2023-12-07 00:59:20'),(44948,4188,4388,5,'19776880-0','2023-12-07 00:59:20'),(44949,4188,4388,6,'Villa Alemana','2023-12-07 00:59:20'),(44950,4188,4388,7,'$800.000 a $1.100.000','2023-12-07 00:59:20'),(44951,4188,4388,10,'SI','2023-12-07 00:59:20'),(44952,4188,4388,9,'SI','2023-12-07 00:59:20'),(44953,4188,4388,4,'Disponibilidad de departamentos con 2 habitaciones.','2023-12-07 00:59:20'),(44954,4188,4388,15,'Acepto los Términos de Políticas de Privacidad','2023-12-07 00:59:20'),(44955,4189,4388,0,'Marina','2023-12-08 09:57:58'),(44956,4189,4388,14,'Bahamonde','2023-12-08 09:57:58'),(44957,4189,4388,1,'bahamondemarina46@gmail.com','2023-12-08 09:57:58'),(44958,4189,4388,3,'+56963889739','2023-12-08 09:57:58'),(44959,4189,4388,5,'12308143-9','2023-12-08 09:57:58'),(44960,4189,4388,6,'Viña del Mar','2023-12-08 09:57:58'),(44961,4189,4388,7,'Menos de $500.000','2023-12-08 09:57:58'),(44962,4189,4388,10,'NO','2023-12-08 09:57:58'),(44963,4189,4388,9,'SI','2023-12-08 09:57:58'),(44964,4189,4388,4,'Asesoría','2023-12-08 09:57:58'),(44965,4189,4388,15,'Acepto los Términos de Políticas de Privacidad','2023-12-08 09:57:58'),(44966,4190,4388,0,'pierre','2023-12-08 23:55:02'),(44967,4190,4388,14,'phito','2023-12-08 23:55:02'),(44968,4190,4388,1,'jnpierrephito@gmail.com','2023-12-08 23:55:02'),(44969,4190,4388,3,'+56949931276','2023-12-08 23:55:02'),(44970,4190,4388,5,'26843768-1','2023-12-08 23:55:02'),(44971,4190,4388,6,'Villa Alemana','2023-12-08 23:55:02'),(44972,4190,4388,7,'Menos de $500.000','2023-12-08 23:55:02'),(44973,4190,4388,10,'SI','2023-12-08 23:55:02'),(44974,4190,4388,9,'SI','2023-12-08 23:55:02'),(44975,4190,4388,4,'Hola buenas tardes quiero mas información porfa','2023-12-08 23:55:02'),(44976,4190,4388,15,'Acepto los Términos de Políticas de Privacidad','2023-12-08 23:55:02'),(44977,4191,4388,0,'Nicole','2023-12-09 02:19:53'),(44978,4191,4388,14,'Cotal','2023-12-09 02:19:53'),(44979,4191,4388,1,'nicolecotal@gmail.com','2023-12-09 02:19:53'),(44980,4191,4388,3,'+56936282404','2023-12-09 02:19:53'),(44981,4191,4388,5,'17479526-6','2023-12-09 02:19:53'),(44982,4191,4388,6,'Valparaíso','2023-12-09 02:19:53'),(44983,4191,4388,7,'Menos de $500.000','2023-12-09 02:19:53'),(44984,4191,4388,10,'SI','2023-12-09 02:19:53'),(44985,4191,4388,9,'SI','2023-12-09 02:19:53'),(44986,4191,4388,4,'Estoy postualmdo al subsidio y me gustaría anexar lo al subsidio de integracion  cuento con ahorro propio también y posibilidad de aval para complementar renta  \r\nMe interesa un departamento de 2 dormitorios','2023-12-09 02:19:53'),(44987,4191,4388,15,'Acepto los Términos de Políticas de Privacidad','2023-12-09 02:19:53'),(44988,4192,4388,0,'Francisca','2023-12-10 00:53:07'),(44989,4192,4388,14,'Cariñe','2023-12-10 00:53:07'),(44990,4192,4388,1,'francarine18@gmail.com','2023-12-10 00:53:07'),(44991,4192,4388,3,'+56952193057','2023-12-10 00:53:07'),(44992,4192,4388,5,'12737456-2','2023-12-10 00:53:07'),(44993,4192,4388,6,'Maipú','2023-12-10 00:53:07'),(44994,4192,4388,7,'$500.000 a $800.000','2023-12-10 00:53:07'),(44995,4192,4388,10,'SI','2023-12-10 00:53:07'),(44996,4192,4388,9,'SI','2023-12-10 00:53:07'),(44997,4192,4388,4,'Como postular a suicidio de vienda','2023-12-10 00:53:07'),(44998,4192,4388,15,'Acepto los Términos de Políticas de Privacidad','2023-12-10 00:53:07'),(44999,4193,4388,0,'Evelyn','2023-12-10 03:02:40'),(45000,4193,4388,14,'Avilés','2023-12-10 03:02:40'),(45001,4193,4388,1,'aviles.evelyndaniela@cftpucv.cl','2023-12-10 03:02:40'),(45002,4193,4388,3,'+56985599755','2023-12-10 03:02:40'),(45003,4193,4388,5,'16482860-3','2023-12-10 03:02:40'),(45004,4193,4388,6,'Quilpué','2023-12-10 03:02:40'),(45005,4193,4388,7,'$500.000 a $800.000','2023-12-10 03:02:40'),(45006,4193,4388,10,'NO','2023-12-10 03:02:40'),(45007,4193,4388,9,'SI','2023-12-10 03:02:40'),(45008,4193,4388,4,'Necesito mas información.\r\nCuento con Ds1','2023-12-10 03:02:40'),(45009,4193,4388,15,'Acepto los Términos de Políticas de Privacidad','2023-12-10 03:02:40'),(45010,4194,4388,0,'Valeska','2023-12-12 04:46:02'),(45011,4194,4388,14,'Aguilera','2023-12-12 04:46:02'),(45012,4194,4388,1,'valeskaguilera2703@gmail.com','2023-12-12 04:46:02'),(45013,4194,4388,3,'+56932123210','2023-12-12 04:46:02'),(45014,4194,4388,5,'16296377-5','2023-12-12 04:46:02'),(45015,4194,4388,6,'San Bernardo','2023-12-12 04:46:02'),(45016,4194,4388,7,'$800.000 a $1.100.000','2023-12-12 04:46:02'),(45017,4194,4388,10,'NO','2023-12-12 04:46:02'),(45018,4194,4388,9,'SI','2023-12-12 04:46:02'),(45019,4194,4388,4,'Ya tengo el subsidio ganado Ds1','2023-12-12 04:46:02'),(45020,4194,4388,15,'Acepto los Términos de Políticas de Privacidad','2023-12-12 04:46:02'),(45021,4195,4388,0,'Elizabeth De Lourdes','2023-12-12 04:51:11'),(45022,4195,4388,14,'Vargas Caceres','2023-12-12 04:51:11'),(45023,4195,4388,1,'elizabethvargascaceres@gmail.com','2023-12-12 04:51:11'),(45024,4195,4388,3,'+56987878459','2023-12-12 04:51:11'),(45025,4195,4388,5,'14316145-5','2023-12-12 04:51:11'),(45026,4195,4388,6,'Villa Alemana','2023-12-12 04:51:11'),(45027,4195,4388,7,'Menos de $500.000','2023-12-12 04:51:11'),(45028,4195,4388,10,'NO','2023-12-12 04:51:11'),(45029,4195,4388,9,'SI','2023-12-12 04:51:11'),(45030,4195,4388,4,'Necesito por favor si me pueden ayudar, ya que tengo ganado el subsidio DS1 tramo 1. me gustaría si me pueden agendar una cita, por favor para poder recibir mas información. \r\nMuchas gracias.','2023-12-12 04:51:11'),(45031,4195,4388,15,'Acepto los Términos de Políticas de Privacidad','2023-12-12 04:51:11'),(45032,4196,4388,0,'Juan','2023-12-13 03:58:06'),(45033,4196,4388,14,'Aliaga','2023-12-13 03:58:06'),(45034,4196,4388,1,'juancrew_31@hotmail.com','2023-12-13 03:58:06'),(45035,4196,4388,3,'+56976705068','2023-12-13 03:58:06'),(45036,4196,4388,5,'19664280-3','2023-12-13 03:58:06'),(45037,4196,4388,6,'Quilpué','2023-12-13 03:58:06'),(45038,4196,4388,7,'$1.100.000 a $1.300.000','2023-12-13 03:58:06'),(45039,4196,4388,10,'SI','2023-12-13 03:58:06'),(45040,4196,4388,9,'SI','2023-12-13 03:58:06'),(45041,4196,4388,4,'Necesito optar al ds19 para la compra de un departamento pero necesito más información','2023-12-13 03:58:06'),(45042,4196,4388,15,'Acepto los Términos de Políticas de Privacidad','2023-12-13 03:58:06'),(45043,4197,4388,0,'Anyela belen','2023-12-14 01:42:17'),(45044,4197,4388,14,'Riquelme riquelme','2023-12-14 01:42:17'),(45045,4197,4388,1,'belenriquelmeriquelme@gmail.com','2023-12-14 01:42:17'),(45046,4197,4388,3,'+56992126837','2023-12-14 01:42:17'),(45047,4197,4388,5,'21750790-1','2023-12-14 01:42:17'),(45048,4197,4388,6,'Cochamó','2023-12-14 01:42:17'),(45049,4197,4388,7,'Menos de $500.000','2023-12-14 01:42:17'),(45050,4197,4388,10,'NO','2023-12-14 01:42:17'),(45051,4197,4388,9,'SI','2023-12-14 01:42:17'),(45052,4197,4388,4,'Quiero hacer la postulación al serviu','2023-12-14 01:42:17'),(45053,4197,4388,15,'Acepto los Términos de Políticas de Privacidad','2023-12-14 01:42:17'),(45054,4198,4388,0,'Eduardo antonio','2023-12-14 01:46:53'),(45055,4198,4388,14,'Garces guerrero','2023-12-14 01:46:53'),(45056,4198,4388,1,'eduardoantonioguerrero95@gmail.com','2023-12-14 01:46:53'),(45057,4198,4388,3,'+56994746438','2023-12-14 01:46:53'),(45058,4198,4388,5,'19029818-3','2023-12-14 01:46:53'),(45059,4198,4388,6,'Cochamó','2023-12-14 01:46:53'),(45060,4198,4388,7,'$500.000 a $800.000','2023-12-14 01:46:53'),(45061,4198,4388,10,'SI','2023-12-14 01:46:53'),(45062,4198,4388,9,'SI','2023-12-14 01:46:53'),(45063,4198,4388,4,'Quiero hacer la postulación al serviu','2023-12-14 01:46:53'),(45064,4198,4388,15,'Acepto los Términos de Políticas de Privacidad','2023-12-14 01:46:53'),(45065,4199,4388,0,'Vania','2023-12-14 13:30:09'),(45066,4199,4388,14,'Marín','2023-12-14 13:30:09'),(45067,4199,4388,1,'vaniamarinmonardez@gmail.com','2023-12-14 13:30:09'),(45068,4199,4388,3,'+56923727098','2023-12-14 13:30:09'),(45069,4199,4388,5,'20014506-2','2023-12-14 13:30:09'),(45070,4199,4388,6,'Viña del Mar','2023-12-14 13:30:09'),(45071,4199,4388,7,'$500.000 a $800.000','2023-12-14 13:30:09'),(45072,4199,4388,10,'NO','2023-12-14 13:30:09'),(45073,4199,4388,9,'SI','2023-12-14 13:30:09'),(45074,4199,4388,4,'con información de ahorro de vivienda, cómo es el proceso, se requiere antiguedad laboral? o aval en caso de no tener trabajo estable ?','2023-12-14 13:30:09'),(45075,4199,4388,15,'Acepto los Términos de Políticas de Privacidad','2023-12-14 13:30:09'),(45076,4200,4388,0,'Victoria','2023-12-14 21:48:08'),(45077,4200,4388,14,'Soquere Ortiz','2023-12-14 21:48:08'),(45078,4200,4388,1,'victoriasoquereortiz9@gmail.com','2023-12-14 21:48:08'),(45079,4200,4388,3,'+56973856397','2023-12-14 21:48:08'),(45080,4200,4388,5,'24968901-7','2023-12-14 21:48:08'),(45081,4200,4388,6,'Estación Central','2023-12-14 21:48:08'),(45082,4200,4388,7,'Menos de $500.000','2023-12-14 21:48:08'),(45083,4200,4388,10,'NO','2023-12-14 21:48:08'),(45084,4200,4388,9,'SI','2023-12-14 21:48:08'),(45085,4200,4388,4,'Guiándome como es el proceso sobre las viviendas ósea más información completa','2023-12-14 21:48:08'),(45086,4200,4388,15,'Acepto los Términos de Políticas de Privacidad','2023-12-14 21:48:08'),(45087,4201,4388,0,'Jermain Joel','2023-12-15 15:37:51'),(45088,4201,4388,14,'Revilla lugo','2023-12-15 15:37:51'),(45089,4201,4388,1,'jermainrevillalugo@gmail.com','2023-12-15 15:37:51'),(45090,4201,4388,3,'+56967462799','2023-12-15 15:37:51'),(45091,4201,4388,5,'26735071-0','2023-12-15 15:37:51'),(45092,4201,4388,6,'Villa Alemana','2023-12-15 15:37:51'),(45093,4201,4388,7,'$800.000 a $1.100.000','2023-12-15 15:37:51'),(45094,4201,4388,10,'NO','2023-12-15 15:37:51'),(45095,4201,4388,9,'SI','2023-12-15 15:37:51'),(45096,4201,4388,4,'Me gustaría, obtener información sobre como poder postular, a y mi rut se los dejo por acá ya que no me deja colocar la letra \"K\" *26735071-K* este sería mi rut','2023-12-15 15:37:51'),(45097,4201,4388,15,'Acepto los Términos de Políticas de Privacidad','2023-12-15 15:37:51');

--
-- Table structure for table `wp_wpforms_entry_meta`
--

CREATE TABLE `wp_wpforms_entry_meta` (
  `id` bigint(20) NOT NULL AUTO_INCREMENT,
  `entry_id` bigint(20) NOT NULL,
  `form_id` bigint(20) NOT NULL,
  `user_id` bigint(20) NOT NULL,
  `status` varchar(30) COLLATE utf8mb4_unicode_ci NOT NULL,
  `type` varchar(255) COLLATE utf8mb4_unicode_ci DEFAULT NULL,
  `data` longtext COLLATE utf8mb4_unicode_ci NOT NULL,
  `date` datetime NOT NULL,
  PRIMARY KEY (`id`),
  KEY `entry_id` (`entry_id`),
  KEY `form_id` (`form_id`),
  KEY `type` (`type`),
  KEY `data` (`data`(32))
) ENGINE=InnoDB AUTO_INCREMENT=3 DEFAULT CHARSET=utf8mb4 COLLATE=utf8mb4_unicode_ci;

--
-- Dumping data for table `wp_wpforms_entry_meta`
--

INSERT INTO `wp_wpforms_entry_meta` VALUES (1,1714,4388,1,'','log','<p><em>Entry read.</em></p>\n','2022-09-09 15:53:45'),(2,1845,4388,1,'','log','<p><em>Entry read.</em></p>\n','2022-10-20 16:14:54');

--
-- Table structure for table `wp_wpforms_payment_meta`
--

CREATE TABLE `wp_wpforms_payment_meta` (
  `id` bigint(20) NOT NULL AUTO_INCREMENT,
  `payment_id` bigint(20) NOT NULL,
  `meta_key` varchar(255) COLLATE utf8mb4_unicode_520_ci DEFAULT NULL,
  `meta_value` longtext COLLATE utf8mb4_unicode_520_ci,
  PRIMARY KEY (`id`),
  KEY `payment_id` (`payment_id`),
  KEY `meta_key` (`meta_key`(191)),
  KEY `meta_value` (`meta_value`(191))
) ENGINE=MyISAM DEFAULT CHARSET=utf8mb4 COLLATE=utf8mb4_unicode_520_ci;

--
-- Dumping data for table `wp_wpforms_payment_meta`
--


--
-- Table structure for table `wp_wpforms_payments`
--

CREATE TABLE `wp_wpforms_payments` (
  `id` bigint(20) NOT NULL AUTO_INCREMENT,
  `form_id` bigint(20) NOT NULL,
  `status` varchar(10) COLLATE utf8mb4_unicode_520_ci NOT NULL DEFAULT '',
  `subtotal_amount` decimal(26,8) NOT NULL DEFAULT '0.00000000',
  `discount_amount` decimal(26,8) NOT NULL DEFAULT '0.00000000',
  `total_amount` decimal(26,8) NOT NULL DEFAULT '0.00000000',
  `currency` varchar(3) COLLATE utf8mb4_unicode_520_ci NOT NULL DEFAULT '',
  `entry_id` bigint(20) NOT NULL DEFAULT '0',
  `gateway` varchar(20) COLLATE utf8mb4_unicode_520_ci NOT NULL DEFAULT '',
  `type` varchar(12) COLLATE utf8mb4_unicode_520_ci NOT NULL DEFAULT '',
  `mode` varchar(4) COLLATE utf8mb4_unicode_520_ci NOT NULL DEFAULT '',
  `transaction_id` varchar(40) COLLATE utf8mb4_unicode_520_ci NOT NULL DEFAULT '',
  `customer_id` varchar(40) COLLATE utf8mb4_unicode_520_ci NOT NULL DEFAULT '',
  `subscription_id` varchar(40) COLLATE utf8mb4_unicode_520_ci NOT NULL DEFAULT '',
  `subscription_status` varchar(10) COLLATE utf8mb4_unicode_520_ci NOT NULL DEFAULT '',
  `title` varchar(255) COLLATE utf8mb4_unicode_520_ci NOT NULL DEFAULT '',
  `date_created_gmt` datetime NOT NULL,
  `date_updated_gmt` datetime NOT NULL,
  `is_published` tinyint(1) NOT NULL DEFAULT '1',
  PRIMARY KEY (`id`),
  KEY `form_id` (`form_id`),
  KEY `status` (`status`(8)),
  KEY `total_amount` (`total_amount`),
  KEY `type` (`type`(8)),
  KEY `transaction_id` (`transaction_id`(32)),
  KEY `customer_id` (`customer_id`(32)),
  KEY `subscription_id` (`subscription_id`(32)),
  KEY `subscription_status` (`subscription_status`(8)),
  KEY `title` (`title`(64))
) ENGINE=MyISAM DEFAULT CHARSET=utf8mb4 COLLATE=utf8mb4_unicode_520_ci;

--
-- Dumping data for table `wp_wpforms_payments`
--


--
-- Table structure for table `wp_wpforms_tasks_meta`
--

CREATE TABLE `wp_wpforms_tasks_meta` (
  `id` bigint(20) NOT NULL AUTO_INCREMENT,
  `action` varchar(255) COLLATE utf8mb4_unicode_ci NOT NULL,
  `data` longtext COLLATE utf8mb4_unicode_ci NOT NULL,
  `date` datetime NOT NULL,
  PRIMARY KEY (`id`)
) ENGINE=InnoDB AUTO_INCREMENT=437 DEFAULT CHARSET=utf8mb4 COLLATE=utf8mb4_unicode_ci;

--
-- Dumping data for table `wp_wpforms_tasks_meta`
--

INSERT INTO `wp_wpforms_tasks_meta` VALUES (22,'wpforms_admin_addons_cache_update','W10=','2021-07-07 17:56:06'),(28,'wpforms_admin_builder_templates_cache_update','W10=','2021-07-13 19:57:38'),(80,'wpforms_builder_help_cache_update','W10=','2021-11-05 17:51:49'),(104,'wpforms_pro_admin_entries_export_remove_old_export_files','W10=','2022-02-02 13:47:59'),(134,'wpforms_process_forms_locator_scan','W10=','2022-04-29 15:43:29'),(220,'wpforms_admin_addons_cache_update','W10=','2022-12-02 12:46:49'),(221,'wpforms_admin_builder_templates_cache_update','W10=','2022-12-02 12:46:49'),(233,'wpforms_admin_addons_cache_update','W10=','2022-12-09 13:00:06'),(234,'wpforms_admin_builder_templates_cache_update','W10=','2022-12-09 13:00:06'),(242,'wpforms_admin_addons_cache_update','W10=','2022-12-16 23:59:43'),(243,'wpforms_admin_builder_templates_cache_update','W10=','2022-12-16 23:59:43'),(254,'wpforms_admin_addons_cache_update','W10=','2022-12-24 00:45:33'),(255,'wpforms_admin_builder_templates_cache_update','W10=','2022-12-24 00:45:33'),(267,'wpforms_admin_addons_cache_update','W10=','2022-12-31 01:05:28'),(268,'wpforms_admin_builder_templates_cache_update','W10=','2022-12-31 01:05:28'),(283,'wpforms_admin_addons_cache_update','W10=','2023-01-07 03:27:22'),(284,'wpforms_admin_builder_templates_cache_update','W10=','2023-01-07 03:27:22'),(295,'wpforms_admin_addons_cache_update','W10=','2023-01-14 08:22:14'),(296,'wpforms_admin_builder_templates_cache_update','W10=','2023-01-14 08:22:14'),(300,'wpforms_admin_addons_cache_update','W10=','2023-01-21 12:07:57'),(301,'wpforms_admin_builder_templates_cache_update','W10=','2023-01-21 12:07:57'),(315,'wpforms_admin_addons_cache_update','W10=','2023-01-28 13:30:52'),(316,'wpforms_admin_builder_templates_cache_update','W10=','2023-01-28 13:30:52'),(330,'wpforms_admin_addons_cache_update','W10=','2023-02-04 14:06:55'),(331,'wpforms_admin_builder_templates_cache_update','W10=','2023-02-04 14:06:55'),(344,'wpforms_admin_addons_cache_update','W10=','2023-02-11 18:21:53'),(345,'wpforms_admin_builder_templates_cache_update','W10=','2023-02-11 18:21:53'),(359,'wpforms_admin_addons_cache_update','W10=','2023-02-19 01:11:30'),(363,'wpforms_admin_builder_templates_cache_update','W10=','2023-02-20 12:36:16'),(375,'wpforms_admin_addons_cache_update','W10=','2023-02-28 14:36:49'),(380,'wpforms_admin_builder_templates_cache_update','W10=','2023-03-02 13:18:43'),(389,'wpforms_admin_addons_cache_update','W10=','2023-03-13 13:28:48'),(390,'wpforms_admin_builder_templates_cache_update','W10=','2023-03-13 13:28:57'),(405,'wpforms_admin_addons_cache_update','W10=','2023-03-24 16:10:36'),(406,'wpforms_admin_builder_templates_cache_update','W10=','2023-03-24 16:12:31'),(411,'wpforms_admin_addons_cache_update','W10=','2023-04-03 13:50:54'),(412,'wpforms_admin_builder_templates_cache_update','W10=','2023-04-03 16:39:23'),(428,'wpforms_admin_builder_templates_cache_update','W10=','2023-05-03 16:03:18'),(430,'wpforms_admin_addons_cache_update','W10=','2023-05-31 23:31:38');

--
-- Table structure for table `wp_wpmailsmtp_debug_events`
--

CREATE TABLE `wp_wpmailsmtp_debug_events` (
  `id` int(10) unsigned NOT NULL AUTO_INCREMENT,
  `content` text COLLATE utf8mb4_unicode_ci,
  `initiator` text COLLATE utf8mb4_unicode_ci,
  `event_type` tinyint(3) unsigned NOT NULL DEFAULT '0',
  `created_at` timestamp NOT NULL DEFAULT CURRENT_TIMESTAMP,
  PRIMARY KEY (`id`)
) ENGINE=InnoDB AUTO_INCREMENT=43 DEFAULT CHARSET=utf8mb4 COLLATE=utf8mb4_unicode_ci;

--
-- Dumping data for table `wp_wpmailsmtp_debug_events`
--

INSERT INTO `wp_wpmailsmtp_debug_events` VALUES (1,'Mailer: Google / Gmail\r\n{\n  \"error\": \"invalid_grant\",\n  \"error_description\": \"Token has been expired or revoked.\"\n}\nPlease re-grant Google app permissions! \nGo to WP Mail SMTP plugin settings page. Click the “Remove Connection” button. \nThen click the “Allow plugin to send emails using your Google account” button and re-enable access.','{\"file\":\"\\/home\\/mdasalf\\/public_html\\/wp-content\\/plugins\\/wpforms\\/includes\\/emails\\/class-emails.php\",\"line\":408}',0,'2022-02-01 12:27:07'),(2,'Mailer: Google / Gmail\r\n{\n  \"error\": \"invalid_grant\",\n  \"error_description\": \"Token has been expired or revoked.\"\n}\nPlease re-grant Google app permissions! \nGo to WP Mail SMTP plugin settings page. Click the “Remove Connection” button. \nThen click the “Allow plugin to send emails using your Google account” button and re-enable access.','{\"file\":\"\\/home\\/mdasalf\\/public_html\\/wp-content\\/plugins\\/wpforms\\/includes\\/emails\\/class-emails.php\",\"line\":408}',0,'2022-02-01 12:27:07'),(3,'Mailer: Google / Gmail\r\n{\n  \"error\": \"invalid_grant\",\n  \"error_description\": \"Token has been expired or revoked.\"\n}\nPlease re-grant Google app permissions! \nGo to WP Mail SMTP plugin settings page. Click the “Remove Connection” button. \nThen click the “Allow plugin to send emails using your Google account” button and re-enable access.','{\"file\":\"\\/home\\/mdasalf\\/public_html\\/wp-content\\/plugins\\/wpforms\\/includes\\/emails\\/class-emails.php\",\"line\":408}',0,'2022-02-01 17:37:16'),(4,'Mailer: Google / Gmail\r\n{\n  \"error\": \"invalid_grant\",\n  \"error_description\": \"Token has been expired or revoked.\"\n}\nPlease re-grant Google app permissions! \nGo to WP Mail SMTP plugin settings page. Click the “Remove Connection” button. \nThen click the “Allow plugin to send emails using your Google account” button and re-enable access.','{\"file\":\"\\/home\\/mdasalf\\/public_html\\/wp-content\\/plugins\\/wpforms\\/includes\\/emails\\/class-emails.php\",\"line\":408}',0,'2022-02-01 17:37:16'),(5,'Mailer: Google / Gmail\r\n{\n  \"error\": \"invalid_grant\",\n  \"error_description\": \"Token has been expired or revoked.\"\n}\nPlease re-grant Google app permissions! \nGo to WP Mail SMTP plugin settings page. Click the “Remove Connection” button. \nThen click the “Allow plugin to send emails using your Google account” button and re-enable access.','{\"file\":\"\\/home\\/mdasalf\\/public_html\\/wp-content\\/plugins\\/wpforms\\/includes\\/emails\\/class-emails.php\",\"line\":408}',0,'2022-02-01 18:38:53'),(6,'Mailer: Google / Gmail\r\n{\n  \"error\": \"invalid_grant\",\n  \"error_description\": \"Token has been expired or revoked.\"\n}\nPlease re-grant Google app permissions! \nGo to WP Mail SMTP plugin settings page. Click the “Remove Connection” button. \nThen click the “Allow plugin to send emails using your Google account” button and re-enable access.','{\"file\":\"\\/home\\/mdasalf\\/public_html\\/wp-content\\/plugins\\/wpforms\\/includes\\/emails\\/class-emails.php\",\"line\":408}',0,'2022-02-01 18:38:53'),(7,'Mailer: Google / Gmail\r\n{\n  \"error\": \"invalid_grant\",\n  \"error_description\": \"Token has been expired or revoked.\"\n}\nPlease re-grant Google app permissions! \nGo to WP Mail SMTP plugin settings page. Click the “Remove Connection” button. \nThen click the “Allow plugin to send emails using your Google account” button and re-enable access.','{\"file\":\"\\/home\\/mdasalf\\/public_html\\/wp-content\\/plugins\\/wpforms\\/includes\\/emails\\/class-emails.php\",\"line\":408}',0,'2022-02-01 19:26:22'),(8,'Mailer: Google / Gmail\r\n{\n  \"error\": \"invalid_grant\",\n  \"error_description\": \"Token has been expired or revoked.\"\n}\nPlease re-grant Google app permissions! \nGo to WP Mail SMTP plugin settings page. Click the “Remove Connection” button. \nThen click the “Allow plugin to send emails using your Google account” button and re-enable access.','{\"file\":\"\\/home\\/mdasalf\\/public_html\\/wp-content\\/plugins\\/wpforms\\/includes\\/emails\\/class-emails.php\",\"line\":408}',0,'2022-02-01 19:26:22'),(9,'Mailer: Google / Gmail\r\n{\n  \"error\": \"invalid_grant\",\n  \"error_description\": \"Token has been expired or revoked.\"\n}\nPlease re-grant Google app permissions! \nGo to WP Mail SMTP plugin settings page. Click the “Remove Connection” button. \nThen click the “Allow plugin to send emails using your Google account” button and re-enable access.','{\"file\":\"\\/home\\/mdasalf\\/public_html\\/wp-content\\/plugins\\/wpforms\\/includes\\/emails\\/class-emails.php\",\"line\":408}',0,'2022-02-01 19:46:23'),(10,'Mailer: Google / Gmail\r\n{\n  \"error\": \"invalid_grant\",\n  \"error_description\": \"Token has been expired or revoked.\"\n}\nPlease re-grant Google app permissions! \nGo to WP Mail SMTP plugin settings page. Click the “Remove Connection” button. \nThen click the “Allow plugin to send emails using your Google account” button and re-enable access.','{\"file\":\"\\/home\\/mdasalf\\/public_html\\/wp-content\\/plugins\\/wpforms\\/includes\\/emails\\/class-emails.php\",\"line\":408}',0,'2022-02-01 19:46:24'),(11,'Mailer: Google / Gmail\r\n{\n  \"error\": \"invalid_grant\",\n  \"error_description\": \"Token has been expired or revoked.\"\n}\nPlease re-grant Google app permissions! \nGo to WP Mail SMTP plugin settings page. Click the “Remove Connection” button. \nThen click the “Allow plugin to send emails using your Google account” button and re-enable access.','{\"file\":\"\\/home\\/mdasalf\\/public_html\\/wp-content\\/plugins\\/wpforms\\/includes\\/emails\\/class-emails.php\",\"line\":408}',0,'2022-02-01 21:46:15'),(12,'Mailer: Google / Gmail\r\n{\n  \"error\": \"invalid_grant\",\n  \"error_description\": \"Token has been expired or revoked.\"\n}\nPlease re-grant Google app permissions! \nGo to WP Mail SMTP plugin settings page. Click the “Remove Connection” button. \nThen click the “Allow plugin to send emails using your Google account” button and re-enable access.','{\"file\":\"\\/home\\/mdasalf\\/public_html\\/wp-content\\/plugins\\/wpforms\\/includes\\/emails\\/class-emails.php\",\"line\":408}',0,'2022-02-01 21:46:15'),(13,'Mailer: Google / Gmail\r\n{\n  \"error\": \"invalid_grant\",\n  \"error_description\": \"Token has been expired or revoked.\"\n}\nPlease re-grant Google app permissions! \nGo to WP Mail SMTP plugin settings page. Click the “Remove Connection” button. \nThen click the “Allow plugin to send emails using your Google account” button and re-enable access.','{\"file\":\"\\/home\\/mdasalf\\/public_html\\/wp-content\\/plugins\\/wpforms\\/includes\\/emails\\/class-emails.php\",\"line\":408}',0,'2022-02-01 22:33:31'),(14,'Mailer: Google / Gmail\r\n{\n  \"error\": \"invalid_grant\",\n  \"error_description\": \"Token has been expired or revoked.\"\n}\nPlease re-grant Google app permissions! \nGo to WP Mail SMTP plugin settings page. Click the “Remove Connection” button. \nThen click the “Allow plugin to send emails using your Google account” button and re-enable access.','{\"file\":\"\\/home\\/mdasalf\\/public_html\\/wp-content\\/plugins\\/wpforms\\/includes\\/emails\\/class-emails.php\",\"line\":408}',0,'2022-02-01 22:33:31'),(15,'Mailer: Google / Gmail\r\n{\n  \"error\": \"invalid_grant\",\n  \"error_description\": \"Token has been expired or revoked.\"\n}\nPlease re-grant Google app permissions! \nGo to WP Mail SMTP plugin settings page. Click the “Remove Connection” button. \nThen click the “Allow plugin to send emails using your Google account” button and re-enable access.','{\"file\":\"\\/home\\/mdasalf\\/public_html\\/wp-content\\/plugins\\/wpforms\\/includes\\/emails\\/class-emails.php\",\"line\":408}',0,'2022-02-02 01:29:29'),(16,'Mailer: Google / Gmail\r\n{\n  \"error\": \"invalid_grant\",\n  \"error_description\": \"Token has been expired or revoked.\"\n}\nPlease re-grant Google app permissions! \nGo to WP Mail SMTP plugin settings page. Click the “Remove Connection” button. \nThen click the “Allow plugin to send emails using your Google account” button and re-enable access.','{\"file\":\"\\/home\\/mdasalf\\/public_html\\/wp-content\\/plugins\\/wpforms\\/includes\\/emails\\/class-emails.php\",\"line\":408}',0,'2022-02-02 01:29:29'),(17,'Mailer: Google / Gmail\r\n{\n  \"error\": \"invalid_grant\",\n  \"error_description\": \"Token has been expired or revoked.\"\n}\nPlease re-grant Google app permissions! \nGo to WP Mail SMTP plugin settings page. Click the “Remove Connection” button. \nThen click the “Allow plugin to send emails using your Google account” button and re-enable access.','{\"file\":\"\\/home\\/mdasalf\\/public_html\\/wp-content\\/plugins\\/wpforms\\/includes\\/emails\\/class-emails.php\",\"line\":408}',0,'2022-02-02 04:54:02'),(18,'Mailer: Google / Gmail\r\n{\n  \"error\": \"invalid_grant\",\n  \"error_description\": \"Token has been expired or revoked.\"\n}\nPlease re-grant Google app permissions! \nGo to WP Mail SMTP plugin settings page. Click the “Remove Connection” button. \nThen click the “Allow plugin to send emails using your Google account” button and re-enable access.','{\"file\":\"\\/home\\/mdasalf\\/public_html\\/wp-content\\/plugins\\/wpforms\\/includes\\/emails\\/class-emails.php\",\"line\":408}',0,'2022-02-02 04:54:02'),(19,'Mailer: Google / Gmail\r\n{\n  \"error\": \"invalid_grant\",\n  \"error_description\": \"Token has been expired or revoked.\"\n}\nPlease re-grant Google app permissions! \nGo to WP Mail SMTP plugin settings page. Click the “Remove Connection” button. \nThen click the “Allow plugin to send emails using your Google account” button and re-enable access.','{\"file\":\"\\/home\\/mdasalf\\/public_html\\/wp-content\\/plugins\\/wpforms\\/includes\\/emails\\/class-emails.php\",\"line\":408}',0,'2022-02-02 08:34:25'),(20,'Mailer: Google / Gmail\r\n{\n  \"error\": \"invalid_grant\",\n  \"error_description\": \"Token has been expired or revoked.\"\n}\nPlease re-grant Google app permissions! \nGo to WP Mail SMTP plugin settings page. Click the “Remove Connection” button. \nThen click the “Allow plugin to send emails using your Google account” button and re-enable access.','{\"file\":\"\\/home\\/mdasalf\\/public_html\\/wp-content\\/plugins\\/wpforms\\/includes\\/emails\\/class-emails.php\",\"line\":408}',0,'2022-02-02 08:34:25'),(21,'Mailer: Google / Gmail\r\n{\n  \"error\": \"invalid_grant\",\n  \"error_description\": \"Token has been expired or revoked.\"\n}\r\nPlease re-grant Google app permissions! \r\nGo to WP Mail SMTP plugin settings page. Click the “Remove Connection” button. \r\nThen click the “Allow plugin to send emails using your Google account” button and re-enable access.','{\"file\":\"\\/home\\/mdasalf\\/public_html\\/wp-content\\/plugins\\/wpforms\\/includes\\/emails\\/class-emails.php\",\"line\":409}',0,'2022-11-02 22:08:12'),(22,'Mailer: Google / Gmail\r\n{\n  \"error\": \"invalid_grant\",\n  \"error_description\": \"Token has been expired or revoked.\"\n}\r\nPlease re-grant Google app permissions! \r\nGo to WP Mail SMTP plugin settings page. Click the “Remove Connection” button. \r\nThen click the “Allow plugin to send emails using your Google account” button and re-enable access.','{\"file\":\"\\/home\\/mdasalf\\/public_html\\/wp-content\\/plugins\\/wpforms\\/includes\\/emails\\/class-emails.php\",\"line\":409}',0,'2022-11-03 12:49:28'),(23,'Mailer: Google / Gmail\r\n{\n  \"error\": \"invalid_grant\",\n  \"error_description\": \"Token has been expired or revoked.\"\n}\r\nPlease re-grant Google app permissions! \r\nGo to WP Mail SMTP plugin settings page. Click the “Remove Connection” button. \r\nThen click the “Allow plugin to send emails using your Google account” button and re-enable access.','{\"file\":\"\\/home\\/mdasalf\\/public_html\\/wp-content\\/plugins\\/wpforms\\/includes\\/emails\\/class-emails.php\",\"line\":409}',0,'2022-11-03 12:49:29'),(24,'Mailer: Google / Gmail\r\n{\n  \"error\": \"invalid_grant\",\n  \"error_description\": \"Token has been expired or revoked.\"\n}\r\nPlease re-grant Google app permissions! \r\nGo to WP Mail SMTP plugin settings page. Click the “Remove Connection” button. \r\nThen click the “Allow plugin to send emails using your Google account” button and re-enable access.','{\"file\":\"\\/home\\/mdasalf\\/public_html\\/wp-content\\/plugins\\/wpforms\\/includes\\/emails\\/class-emails.php\",\"line\":409}',0,'2022-11-03 19:02:03'),(25,'Mailer: Google / Gmail\r\n{\n  \"error\": \"invalid_grant\",\n  \"error_description\": \"Token has been expired or revoked.\"\n}\r\nPlease re-grant Google app permissions! \r\nGo to WP Mail SMTP plugin settings page. Click the “Remove Connection” button. \r\nThen click the “Allow plugin to send emails using your Google account” button and re-enable access.','{\"file\":\"\\/home\\/mdasalf\\/public_html\\/wp-content\\/plugins\\/wpforms\\/includes\\/emails\\/class-emails.php\",\"line\":409}',0,'2022-11-03 19:02:04'),(26,'Mailer: Google / Gmail\r\n{\n  \"error\": \"invalid_grant\",\n  \"error_description\": \"Token has been expired or revoked.\"\n}\r\nPlease re-grant Google app permissions! \r\nGo to WP Mail SMTP plugin settings page. Click the “Remove Connection” button. \r\nThen click the “Allow plugin to send emails using your Google account” button and re-enable access.','{\"file\":\"\\/home\\/mdasalf\\/public_html\\/wp-content\\/plugins\\/wpforms\\/includes\\/emails\\/class-emails.php\",\"line\":409}',0,'2022-11-03 21:26:00'),(27,'Mailer: Google / Gmail\r\n{\n  \"error\": \"invalid_grant\",\n  \"error_description\": \"Token has been expired or revoked.\"\n}\r\nPlease re-grant Google app permissions! \r\nGo to WP Mail SMTP plugin settings page. Click the “Remove Connection” button. \r\nThen click the “Allow plugin to send emails using your Google account” button and re-enable access.','{\"file\":\"\\/home\\/mdasalf\\/public_html\\/wp-content\\/plugins\\/wpforms\\/includes\\/emails\\/class-emails.php\",\"line\":409}',0,'2022-11-03 21:26:01'),(28,'Mailer: Google / Gmail\r\n{\n  \"error\": {\n    \"code\": 400,\n    \"message\": \"Invalid To header\",\n    \"errors\": [\n      {\n        \"message\": \"Invalid To header\",\n        \"domain\": \"global\",\n        \"reason\": \"invalidArgument\"\n      }\n    ],\n    \"status\": \"INVALID_ARGUMENT\"\n  }\n}','{\"file\":\"\\/home\\/mdasalf\\/public_html\\/wp-content\\/plugins\\/wpforms\\/includes\\/emails\\/class-emails.php\",\"line\":409}',0,'2022-11-26 06:14:13'),(29,'Mailer: Google / Gmail\r\n{\n  \"error\": \"invalid_grant\",\n  \"error_description\": \"Token has been expired or revoked.\"\n}\r\nPlease re-grant Google app permissions! \r\nGo to WP Mail SMTP plugin settings page. Click the “Remove OAuth Connection” button. \r\nThen click the “Allow plugin to send emails using your Google account” button and re-enable access.','{\"file\":\"\\/home\\/mdasalf\\/public_html\\/wp-content\\/plugins\\/wpforms\\/includes\\/emails\\/class-emails.php\",\"line\":438}',0,'2023-03-27 16:33:59'),(30,'Mailer: Google / Gmail\r\n{\n  \"error\": \"invalid_grant\",\n  \"error_description\": \"Token has been expired or revoked.\"\n}\r\nPlease re-grant Google app permissions! \r\nGo to WP Mail SMTP plugin settings page. Click the “Remove OAuth Connection” button. \r\nThen click the “Allow plugin to send emails using your Google account” button and re-enable access.','{\"file\":\"\\/home\\/mdasalf\\/public_html\\/wp-content\\/plugins\\/wpforms\\/includes\\/emails\\/class-emails.php\",\"line\":438}',0,'2023-03-27 16:33:59'),(31,'Mailer: Google / Gmail\r\n{\n  \"error\": \"invalid_grant\",\n  \"error_description\": \"Token has been expired or revoked.\"\n}\r\nPlease re-grant Google app permissions! \r\nGo to WP Mail SMTP plugin settings page. Click the “Remove OAuth Connection” button. \r\nThen click the “Allow plugin to send emails using your Google account” button and re-enable access.','{\"file\":\"\\/home\\/mdasalf\\/public_html\\/wp-content\\/plugins\\/wpforms\\/includes\\/emails\\/class-emails.php\",\"line\":438}',0,'2023-03-27 17:34:25'),(32,'Mailer: Google / Gmail\r\n{\n  \"error\": \"invalid_grant\",\n  \"error_description\": \"Token has been expired or revoked.\"\n}\r\nPlease re-grant Google app permissions! \r\nGo to WP Mail SMTP plugin settings page. Click the “Remove OAuth Connection” button. \r\nThen click the “Allow plugin to send emails using your Google account” button and re-enable access.','{\"file\":\"\\/home\\/mdasalf\\/public_html\\/wp-content\\/plugins\\/wpforms\\/includes\\/emails\\/class-emails.php\",\"line\":438}',0,'2023-03-27 17:34:26'),(33,'Mailer: Google / Gmail\r\n{\n  \"error\": \"invalid_grant\",\n  \"error_description\": \"Token has been expired or revoked.\"\n}\r\nPlease re-grant Google app permissions! \r\nGo to WP Mail SMTP plugin settings page. Click the “Remove OAuth Connection” button. \r\nThen click the “Allow plugin to send emails using your Google account” button and re-enable access.','{\"file\":\"\\/home\\/mdasalf\\/public_html\\/wp-content\\/plugins\\/wpforms\\/includes\\/emails\\/class-emails.php\",\"line\":438}',0,'2023-03-27 20:05:36'),(34,'Mailer: Google / Gmail\r\n{\n  \"error\": \"invalid_grant\",\n  \"error_description\": \"Token has been expired or revoked.\"\n}\r\nPlease re-grant Google app permissions! \r\nGo to WP Mail SMTP plugin settings page. Click the “Remove OAuth Connection” button. \r\nThen click the “Allow plugin to send emails using your Google account” button and re-enable access.','{\"file\":\"\\/home\\/mdasalf\\/public_html\\/wp-content\\/plugins\\/wpforms\\/includes\\/emails\\/class-emails.php\",\"line\":438}',0,'2023-03-27 20:05:37'),(35,'Mailer: Google / Gmail\r\n{\n  \"error\": \"invalid_grant\",\n  \"error_description\": \"Token has been expired or revoked.\"\n}\r\nPlease re-grant Google app permissions! \r\nGo to WP Mail SMTP plugin settings page. Click the “Remove OAuth Connection” button. \r\nThen click the “Allow plugin to send emails using your Google account” button and re-enable access.','{\"file\":\"\\/home\\/mdasalf\\/public_html\\/wp-content\\/plugins\\/wpforms\\/src\\/Emails\\/Mailer.php\",\"line\":509}',0,'2023-03-27 20:05:37'),(36,'Mailer: Google / Gmail\r\n{\n  \"error\": \"invalid_grant\",\n  \"error_description\": \"Token has been expired or revoked.\"\n}\r\nPlease re-grant Google app permissions! \r\nGo to WP Mail SMTP plugin settings page. Click the “Remove OAuth Connection” button. \r\nThen click the “Allow plugin to send emails using your Google account” button and re-enable access.','{\"file\":\"\\/home\\/mdasalf\\/public_html\\/wp-content\\/plugins\\/wpforms\\/includes\\/emails\\/class-emails.php\",\"line\":438}',0,'2023-03-27 22:54:07'),(37,'Mailer: Google / Gmail\r\n{\n  \"error\": \"invalid_grant\",\n  \"error_description\": \"Token has been expired or revoked.\"\n}\r\nPlease re-grant Google app permissions! \r\nGo to WP Mail SMTP plugin settings page. Click the “Remove OAuth Connection” button. \r\nThen click the “Allow plugin to send emails using your Google account” button and re-enable access.','{\"file\":\"\\/home\\/mdasalf\\/public_html\\/wp-content\\/plugins\\/wpforms\\/includes\\/emails\\/class-emails.php\",\"line\":438}',0,'2023-03-27 22:54:07'),(38,'Mailer: Google / Gmail\r\n{\n  \"error\": \"invalid_grant\",\n  \"error_description\": \"Token has been expired or revoked.\"\n}\r\nPlease re-grant Google app permissions! \r\nGo to WP Mail SMTP plugin settings page. Click the “Remove OAuth Connection” button. \r\nThen click the “Allow plugin to send emails using your Google account” button and re-enable access.','{\"file\":\"\\/home\\/mdasalf\\/public_html\\/wp-content\\/plugins\\/wpforms\\/includes\\/emails\\/class-emails.php\",\"line\":438}',0,'2023-03-28 03:16:48'),(39,'Mailer: Google / Gmail\r\n{\n  \"error\": \"invalid_grant\",\n  \"error_description\": \"Token has been expired or revoked.\"\n}\r\nPlease re-grant Google app permissions! \r\nGo to WP Mail SMTP plugin settings page. Click the “Remove OAuth Connection” button. \r\nThen click the “Allow plugin to send emails using your Google account” button and re-enable access.','{\"file\":\"\\/home\\/mdasalf\\/public_html\\/wp-content\\/plugins\\/wpforms\\/includes\\/emails\\/class-emails.php\",\"line\":438}',0,'2023-03-28 03:16:49'),(40,'Mailer: Google / Gmail\r\n{\n  \"error\": \"invalid_grant\",\n  \"error_description\": \"Token has been expired or revoked.\"\n}\r\nPlease re-grant Google app permissions! \r\nGo to WP Mail SMTP plugin settings page. Click the “Remove OAuth Connection” button. \r\nThen click the “Allow plugin to send emails using your Google account” button and re-enable access.','{\"file\":\"\\/home\\/mdasalf\\/public_html\\/wp-content\\/plugins\\/wpforms\\/includes\\/emails\\/class-emails.php\",\"line\":438}',0,'2023-03-28 04:45:03'),(41,'Mailer: Google / Gmail\r\n{\n  \"error\": \"invalid_grant\",\n  \"error_description\": \"Token has been expired or revoked.\"\n}\r\nPlease re-grant Google app permissions! \r\nGo to WP Mail SMTP plugin settings page. Click the “Remove OAuth Connection” button. \r\nThen click the “Allow plugin to send emails using your Google account” button and re-enable access.','{\"file\":\"\\/home\\/mdasalf\\/public_html\\/wp-content\\/plugins\\/wpforms\\/includes\\/emails\\/class-emails.php\",\"line\":438}',0,'2023-03-28 07:26:47'),(42,'Mailer: Google / Gmail\r\n{\n  \"error\": \"invalid_grant\",\n  \"error_description\": \"Token has been expired or revoked.\"\n}\r\nPlease re-grant Google app permissions! \r\nGo to WP Mail SMTP plugin settings page. Click the “Remove OAuth Connection” button. \r\nThen click the “Allow plugin to send emails using your Google account” button and re-enable access.','{\"file\":\"\\/home\\/mdasalf\\/public_html\\/wp-content\\/plugins\\/wpforms\\/includes\\/emails\\/class-emails.php\",\"line\":438}',0,'2023-03-28 07:26:48');

--
-- Table structure for table `wp_wpmailsmtp_tasks_meta`
--

CREATE TABLE `wp_wpmailsmtp_tasks_meta` (
  `id` bigint(20) NOT NULL AUTO_INCREMENT,
  `action` varchar(255) COLLATE utf8mb4_unicode_ci NOT NULL,
  `data` longtext COLLATE utf8mb4_unicode_ci NOT NULL,
  `date` datetime NOT NULL,
  PRIMARY KEY (`id`)
) ENGINE=InnoDB AUTO_INCREMENT=8 DEFAULT CHARSET=utf8mb4 COLLATE=utf8mb4_unicode_ci;

--
-- Dumping data for table `wp_wpmailsmtp_tasks_meta`
--

INSERT INTO `wp_wpmailsmtp_tasks_meta` VALUES (4,'wp_mail_smtp_admin_notifications_update','W10=','2023-03-17 16:32:56'),(7,'wp_mail_smtp_admin_notifications_update','W10=','2023-08-30 14:13:09');

--
-- Table structure for table `wp_wpr_rocket_cache`
--

CREATE TABLE `wp_wpr_rocket_cache` (
  `id` bigint(20) unsigned NOT NULL AUTO_INCREMENT,
  `url` varchar(2000) COLLATE utf8mb4_unicode_520_ci NOT NULL DEFAULT '',
  `status` varchar(255) COLLATE utf8mb4_unicode_520_ci NOT NULL DEFAULT '',
  `modified` timestamp NOT NULL DEFAULT '0000-00-00 00:00:00',
  `last_accessed` timestamp NOT NULL DEFAULT '0000-00-00 00:00:00',
  `is_locked` tinyint(1) NOT NULL DEFAULT '0',
  PRIMARY KEY (`id`),
  KEY `url` (`url`(191)),
  KEY `modified` (`modified`),
  KEY `last_accessed` (`last_accessed`)
) ENGINE=InnoDB AUTO_INCREMENT=470 DEFAULT CHARSET=utf8mb4 COLLATE=utf8mb4_unicode_520_ci;

--
-- Dumping data for table `wp_wpr_rocket_cache`
--

INSERT INTO `wp_wpr_rocket_cache` VALUES (2,'https://sanalbertodelaforesta.cl/contacto','completed','2023-12-15 21:03:01','2023-12-15 21:03:01',0),(3,'https://sanalbertodelaforesta.cl/proyecto/plantas','completed','2023-12-15 15:01:13','2023-12-15 15:01:13',0),(4,'https://sanalbertodelaforesta.cl/asesoria','completed','2023-12-15 18:03:26','2023-12-15 16:01:34',0),(6,'https://sanalbertodelaforesta.cl/avances-de-obra-mes-mayo','completed','2023-12-15 23:27:33','2023-12-15 23:27:33',0),(7,'https://sanalbertodelaforesta.cl/author/marino-buitrago','completed','2023-12-15 15:01:14','2023-12-15 15:01:14',0),(8,'https://sanalbertodelaforesta.cl/category/avances-de-obra','completed','2023-12-15 15:01:15','2023-12-15 15:01:15',0),(9,'https://sanalbertodelaforesta.cl/avances-de-obra-mes-julio','completed','2023-12-15 21:03:06','2023-12-15 21:03:06',0),(11,'https://sanalbertodelaforesta.cl/capsulas-informativas-ds-19','completed','2023-12-15 21:03:07','2023-12-15 21:03:07',0),(12,'https://sanalbertodelaforesta.cl/agradecimiento','completed','2023-12-15 23:03:15','2023-12-15 23:03:15',0),(13,'https://sanalbertodelaforesta.cl/proyecto/avances-de-obra','completed','2023-12-15 15:01:17','2023-12-15 15:01:17',0),(14,'https://sanalbertodelaforesta.cl/proyecto','completed','2023-12-15 22:37:14','2023-12-15 22:37:14',0),(15,'https://sanalbertodelaforesta.cl/proyecto/equipamiento','completed','2023-12-15 20:01:47','2023-12-15 20:01:47',0),(16,'https://sanalbertodelaforesta.cl/politicas-de-privacidad','completed','2023-12-15 15:01:18','2023-12-15 15:01:18',0),(18,'https://sanalbertodelaforesta.cl/bases-legales','completed','2023-12-15 16:01:35','2023-12-15 16:01:35',0),(19,'https://sanalbertodelaforesta.cl/tag/avance-de-obra','completed','2023-12-15 20:01:48','2023-12-15 20:01:48',0),(20,'https://sanalbertodelaforesta.cl/avances-de-obra-mes-febrero','completed','2023-12-15 21:03:10','2023-12-15 21:03:10',0),(21,'https://sanalbertodelaforesta.cl/avances-de-obra-mes-abril','completed','2023-12-15 15:01:20','2023-12-15 15:01:20',0),(22,'https://sanalbertodelaforesta.cl/servicio-de-post-venta','completed','2023-12-15 21:03:11','2023-12-15 21:03:11',0),(23,'https://sanalbertodelaforesta.cl/avances-de-obra-mes-marzo','completed','2023-12-15 21:03:13','2023-12-15 21:03:13',0),(24,'https://sanalbertodelaforesta.cl/avances-de-obra-mes-enero','completed','2023-12-15 15:01:21','2023-12-15 15:01:21',0),(25,'https://sanalbertodelaforesta.cl/tag/avances-de-obra','completed','2023-12-15 21:03:14','2023-12-15 21:03:14',0),(45,'https://sanalbertodelaforesta.cl/category/informativo','completed','2023-12-15 15:01:23','2023-12-15 15:01:23',0),(57,'https://sanalbertodelaforesta.cl/category/sin-categoria','completed','2023-12-15 21:03:20','2023-12-15 21:03:20',0),(71,'https://sanalbertodelaforesta.cl/avances-de-obra-mes-agosto','completed','2023-12-15 21:03:22','2023-12-15 21:03:22',0),(82,'https://sanalbertodelaforesta.cl/avances-de-obra-mes-septiembre','completed','2023-12-15 17:12:52','2023-12-15 17:12:52',0),(146,'https://sanalbertodelaforesta.cl/avances-de-obra-mes-octubre','completed','2023-12-15 22:09:57','2023-12-15 22:09:57',0),(244,'https://sanalbertodelaforesta.cl/avances-de-obra-mes-noviembre','completed','2023-12-15 22:10:03','2023-12-15 22:10:03',0),(260,'https://sanalbertodelaforesta.cl/avances-de-obra-mes-diciembre','completed','2023-12-15 21:03:03','2023-12-15 21:03:03',0),(290,'https://sanalbertodelaforesta.cl/avances-de-obra-mes-enero-2','completed','2023-12-15 21:03:16','2023-12-15 21:03:16',0),(296,'https://sanalbertodelaforesta.cl/2022','completed','2023-12-15 21:03:17','2023-12-15 21:03:17',0),(312,'https://sanalbertodelaforesta.cl/avances-de-obra-mes-febrero-2','completed','2023-12-15 21:03:19','2023-12-15 21:03:19',0),(332,'https://sanalbertodelaforesta.cl/avances-de-obra-mes-marzo-2','completed','2023-12-16 00:16:05','2023-12-16 00:16:05',0),(361,'https://sanalbertodelaforesta.cl/avances-de-obra-mes-abril-2','completed','2023-12-15 22:37:31','2023-12-15 22:37:31',0),(380,'https://sanalbertodelaforesta.cl/aviso-legal','completed','2023-12-15 22:09:54','2023-12-15 22:09:54',0),(389,'https://sanalbertodelaforesta.cl/avances-de-obra-mes-mayo-2','completed','2023-12-15 22:09:55','2023-12-15 22:09:55',0),(407,'https://sanalbertodelaforesta.cl/avances-de-obra-mes-junio','completed','2023-12-15 22:09:58','2023-12-15 22:09:58',0),(436,'https://sanalbertodelaforesta.cl/avances-de-obra-mes-julio-2','completed','2023-12-15 22:10:00','2023-12-15 22:10:00',0),(449,'https://sanalbertodelaforesta.cl/avances-de-obra-mes-agosto-2','completed','2023-12-15 22:10:01','2023-12-15 22:10:01',0),(469,'https://sanalbertodelaforesta.cl','completed','2023-12-15 20:01:22','2023-12-15 20:01:22',0);

--
-- Table structure for table `wp_wpr_rucss_used_css`
--

CREATE TABLE `wp_wpr_rucss_used_css` (
  `id` bigint(20) unsigned NOT NULL AUTO_INCREMENT,
  `url` varchar(2000) COLLATE utf8mb4_unicode_520_ci NOT NULL DEFAULT '',
  `css` longtext COLLATE utf8mb4_unicode_520_ci,
  `hash` varchar(32) COLLATE utf8mb4_unicode_520_ci DEFAULT '',
  `error_code` varchar(32) COLLATE utf8mb4_unicode_520_ci DEFAULT NULL,
  `error_message` longtext COLLATE utf8mb4_unicode_520_ci,
  `unprocessedcss` longtext COLLATE utf8mb4_unicode_520_ci NOT NULL,
  `retries` tinyint(1) NOT NULL DEFAULT '1',
  `is_mobile` tinyint(1) NOT NULL DEFAULT '0',
  `job_id` varchar(255) COLLATE utf8mb4_unicode_520_ci DEFAULT '',
  `queue_name` varchar(255) COLLATE utf8mb4_unicode_520_ci DEFAULT '',
  `status` varchar(255) COLLATE utf8mb4_unicode_520_ci DEFAULT '',
  `modified` timestamp NOT NULL DEFAULT '0000-00-00 00:00:00',
  `last_accessed` timestamp NOT NULL DEFAULT '0000-00-00 00:00:00',
  PRIMARY KEY (`id`),
  KEY `url` (`url`(150),`is_mobile`),
  KEY `modified` (`modified`),
  KEY `last_accessed` (`last_accessed`),
  KEY `hash` (`hash`),
  KEY `status_index` (`status`(191)),
  KEY `error_code_index` (`error_code`)
) ENGINE=InnoDB DEFAULT CHARSET=utf8mb4 COLLATE=utf8mb4_unicode_520_ci;

--
-- Dumping data for table `wp_wpr_rucss_used_css`
--


--
-- Table structure for table `wp_yoast_indexable`
--

CREATE TABLE `wp_yoast_indexable` (
  `id` int(11) unsigned NOT NULL AUTO_INCREMENT,
  `permalink` longtext COLLATE utf8mb4_unicode_520_ci,
  `permalink_hash` varchar(40) COLLATE utf8mb4_unicode_520_ci DEFAULT NULL,
  `object_id` bigint(20) DEFAULT NULL,
  `object_type` varchar(32) COLLATE utf8mb4_unicode_520_ci NOT NULL,
  `object_sub_type` varchar(32) COLLATE utf8mb4_unicode_520_ci DEFAULT NULL,
  `author_id` bigint(20) DEFAULT NULL,
  `post_parent` bigint(20) DEFAULT NULL,
  `title` text COLLATE utf8mb4_unicode_520_ci,
  `description` mediumtext COLLATE utf8mb4_unicode_520_ci,
  `breadcrumb_title` text COLLATE utf8mb4_unicode_520_ci,
  `post_status` varchar(20) COLLATE utf8mb4_unicode_520_ci DEFAULT NULL,
  `is_public` tinyint(1) DEFAULT NULL,
  `is_protected` tinyint(1) DEFAULT '0',
  `has_public_posts` tinyint(1) DEFAULT NULL,
  `number_of_pages` int(11) unsigned DEFAULT NULL,
  `canonical` longtext COLLATE utf8mb4_unicode_520_ci,
  `primary_focus_keyword` varchar(191) COLLATE utf8mb4_unicode_520_ci DEFAULT NULL,
  `primary_focus_keyword_score` int(3) DEFAULT NULL,
  `readability_score` int(3) DEFAULT NULL,
  `is_cornerstone` tinyint(1) DEFAULT '0',
  `is_robots_noindex` tinyint(1) DEFAULT '0',
  `is_robots_nofollow` tinyint(1) DEFAULT '0',
  `is_robots_noarchive` tinyint(1) DEFAULT '0',
  `is_robots_noimageindex` tinyint(1) DEFAULT '0',
  `is_robots_nosnippet` tinyint(1) DEFAULT '0',
  `twitter_title` text COLLATE utf8mb4_unicode_520_ci,
  `twitter_image` longtext COLLATE utf8mb4_unicode_520_ci,
  `twitter_description` longtext COLLATE utf8mb4_unicode_520_ci,
  `twitter_image_id` varchar(191) COLLATE utf8mb4_unicode_520_ci DEFAULT NULL,
  `twitter_image_source` text COLLATE utf8mb4_unicode_520_ci,
  `open_graph_title` text COLLATE utf8mb4_unicode_520_ci,
  `open_graph_description` longtext COLLATE utf8mb4_unicode_520_ci,
  `open_graph_image` longtext COLLATE utf8mb4_unicode_520_ci,
  `open_graph_image_id` varchar(191) COLLATE utf8mb4_unicode_520_ci DEFAULT NULL,
  `open_graph_image_source` text COLLATE utf8mb4_unicode_520_ci,
  `open_graph_image_meta` mediumtext COLLATE utf8mb4_unicode_520_ci,
  `link_count` int(11) DEFAULT NULL,
  `incoming_link_count` int(11) DEFAULT NULL,
  `prominent_words_version` int(11) unsigned DEFAULT NULL,
  `created_at` datetime DEFAULT NULL,
  `updated_at` timestamp NOT NULL DEFAULT CURRENT_TIMESTAMP ON UPDATE CURRENT_TIMESTAMP,
  `blog_id` bigint(20) NOT NULL DEFAULT '1',
  `language` varchar(32) COLLATE utf8mb4_unicode_520_ci DEFAULT NULL,
  `region` varchar(32) COLLATE utf8mb4_unicode_520_ci DEFAULT NULL,
  `schema_page_type` varchar(64) COLLATE utf8mb4_unicode_520_ci DEFAULT NULL,
  `schema_article_type` varchar(64) COLLATE utf8mb4_unicode_520_ci DEFAULT NULL,
  `has_ancestors` tinyint(1) DEFAULT '0',
  `estimated_reading_time_minutes` int(11) DEFAULT NULL,
  `version` int(11) DEFAULT '1',
  `object_last_modified` datetime DEFAULT NULL,
  `object_published_at` datetime DEFAULT NULL,
  `inclusive_language_score` int(3) DEFAULT NULL,
  PRIMARY KEY (`id`),
  KEY `object_type_and_sub_type` (`object_type`,`object_sub_type`),
  KEY `object_id_and_type` (`object_id`,`object_type`),
  KEY `permalink_hash_and_object_type` (`permalink_hash`,`object_type`),
  KEY `subpages` (`post_parent`,`object_type`,`post_status`,`object_id`),
  KEY `prominent_words` (`prominent_words_version`,`object_type`,`object_sub_type`,`post_status`),
  KEY `published_sitemap_index` (`object_published_at`,`is_robots_noindex`,`object_type`,`object_sub_type`)
) ENGINE=InnoDB AUTO_INCREMENT=491 DEFAULT CHARSET=utf8mb4 COLLATE=utf8mb4_unicode_520_ci;

--
-- Dumping data for table `wp_yoast_indexable`
--

INSERT INTO `wp_yoast_indexable` VALUES (1,'https://sanalbertodelaforesta.cl/author/marino-buitrago/','56:3cecd08985a73cdae01a14579ed9df37',1,'user',NULL,NULL,NULL,NULL,NULL,NULL,NULL,NULL,0,NULL,NULL,NULL,NULL,NULL,NULL,0,0,NULL,NULL,NULL,NULL,NULL,'https://secure.gravatar.com/avatar/523e4e55d87d0a8fdbe24c385071a039?s=500&d=mm&r=g',NULL,NULL,'gravatar-image',NULL,NULL,'https://secure.gravatar.com/avatar/523e4e55d87d0a8fdbe24c385071a039?s=500&d=mm&r=g',NULL,'gravatar-image',NULL,NULL,NULL,NULL,'2021-09-21 14:44:36','2023-11-28 22:17:20',1,NULL,NULL,NULL,NULL,0,NULL,2,'2023-11-28 19:17:19','2021-06-17 16:05:10',NULL),(3,'https://sanalbertodelaforesta.cl/','33:f2b942eb37ae5a60d64b1278826a53d9',NULL,'home-page',NULL,NULL,NULL,'%%sitename%% %%page%% %%sep%% %%sitedesc%%','Subsidio DS-19','Portada',NULL,NULL,0,NULL,NULL,NULL,NULL,NULL,NULL,0,0,0,0,0,0,NULL,NULL,NULL,NULL,NULL,'%%sitename%%','','','0',NULL,NULL,NULL,8,NULL,'2021-09-21 14:44:36','2023-11-28 22:17:20',1,NULL,NULL,NULL,NULL,0,NULL,2,'2023-11-28 19:17:19','2020-09-25 02:00:00',NULL),(4,NULL,NULL,NULL,'system-page','404',NULL,NULL,'Página no encontrada %%sep%% %%sitename%%',NULL,'Error 404: Página no encontrada',NULL,NULL,0,NULL,NULL,NULL,NULL,NULL,NULL,0,1,0,0,0,0,NULL,NULL,NULL,NULL,NULL,NULL,NULL,NULL,NULL,NULL,NULL,NULL,NULL,NULL,'2021-09-21 14:52:46','2021-09-21 17:52:46',1,NULL,NULL,NULL,NULL,0,NULL,1,NULL,NULL,NULL),(5,'https://sanalbertodelaforesta.cl/proyecto/','42:7415cbafbb3bdde5260814c206962c43',2523,'post','page',1,0,NULL,NULL,'Proyecto','publish',NULL,0,NULL,NULL,NULL,NULL,NULL,90,0,NULL,0,NULL,NULL,NULL,NULL,NULL,NULL,NULL,NULL,NULL,NULL,NULL,NULL,NULL,NULL,3,NULL,NULL,'2021-09-21 15:08:07','2023-05-11 22:46:28',1,NULL,NULL,NULL,NULL,0,1,2,'2023-05-11 18:46:28','2021-07-08 20:48:45',NULL),(6,'https://sanalbertodelaforesta.cl/','33:f2b942eb37ae5a60d64b1278826a53d9',17,'post','page',1,0,'Departamentos con Subsidio DS-19 en Valparaiso','El proyecto consta de departamentos con subsidio DS-19. Se ubica en el mejor sector residencial de Villa Alemana','Departamentos con Subsidio DS-19 en Valparaiso','publish',NULL,0,NULL,NULL,NULL,'departamentos con subsidio DS-19',53,60,0,NULL,0,NULL,NULL,NULL,NULL,'https://sanalbertodelaforesta.cl/wp-content/uploads/2023/04/asesoria-salf3-1.png',NULL,NULL,'first-content-image',NULL,NULL,'https://sanalbertodelaforesta.cl/wp-content/uploads/2023/04/asesoria-salf3-1.png',NULL,'first-content-image',NULL,2,NULL,NULL,'2021-09-21 15:09:21','2023-11-28 22:17:20',1,NULL,NULL,NULL,NULL,0,10,2,'2023-11-28 19:17:19','2021-06-17 17:23:56',0),(7,'https://sanalbertodelaforesta.cl/capsulas-informativas-ds-19/','61:8e67d407c4955c4a1447998b4b1b453e',1662,'post','page',1,0,NULL,NULL,'Cápsulas informativas DS-19','publish',NULL,0,NULL,NULL,NULL,NULL,NULL,90,0,NULL,0,NULL,NULL,NULL,NULL,NULL,NULL,NULL,NULL,NULL,NULL,NULL,NULL,NULL,NULL,0,1,NULL,'2021-09-21 15:14:07','2022-09-01 00:35:35',1,NULL,NULL,NULL,NULL,0,1,2,'2022-08-31 20:35:34','2021-07-05 20:58:14',NULL),(8,'https://sanalbertodelaforesta.cl/servicio-de-post-venta/','56:76fbaf8e61c4eff2e93a3ef010d0e763',3829,'post','page',1,0,NULL,NULL,'Servicio de post venta','publish',NULL,0,NULL,NULL,NULL,NULL,NULL,0,0,NULL,0,NULL,NULL,NULL,NULL,NULL,NULL,NULL,NULL,NULL,NULL,NULL,NULL,NULL,NULL,0,NULL,NULL,'2021-09-21 15:16:24','2021-12-09 03:42:45',1,NULL,NULL,NULL,NULL,0,NULL,2,'2021-08-12 19:21:56','2021-08-12 19:11:08',NULL),(9,'https://sanalbertodelaforesta.cl/asesoria/','42:ae3406568fee131d5f5ab8d62fdde58e',1707,'post','page',1,0,NULL,NULL,'Asesoría','publish',NULL,0,NULL,NULL,NULL,NULL,NULL,0,0,NULL,0,NULL,NULL,NULL,NULL,'https://sanalbertodelaforesta.cl/wp-content/uploads/2021/07/asesoria-mda.jpg',NULL,NULL,'first-content-image',NULL,NULL,'https://sanalbertodelaforesta.cl/wp-content/uploads/2021/07/asesoria-mda.jpg',NULL,'first-content-image',NULL,0,1,NULL,'2021-09-21 15:28:35','2023-05-11 23:09:15',1,NULL,NULL,NULL,NULL,0,5,2,'2023-05-11 19:09:15','2021-07-05 21:45:54',NULL),(11,'https://sanalbertodelaforesta.cl/proyecto/plantas/','50:4e8130a0f01106cc0fef721b8526c26b',936,'post','page',1,2523,NULL,NULL,'Plantas','publish',NULL,0,NULL,NULL,NULL,NULL,NULL,60,0,NULL,0,NULL,NULL,NULL,NULL,'https://sanalbertodelaforesta.cl/wp-content/uploads/2021/07/tipologia-b-salf3-1.jpg',NULL,NULL,'first-content-image',NULL,NULL,'https://sanalbertodelaforesta.cl/wp-content/uploads/2021/07/tipologia-b-salf3-1.jpg',NULL,'first-content-image',NULL,18,1,NULL,'2021-09-21 15:38:55','2023-05-11 22:54:24',1,NULL,NULL,NULL,NULL,1,10,2,'2023-05-11 18:54:23','2021-07-01 17:06:22',NULL),(12,'https://sanalbertodelaforesta.cl/avances-de-obra-mes-febrero/','61:85131e212587f5b0e9ab099603203cc8',2054,'post','post',1,0,NULL,NULL,'Avances de obra &#8211; mes febrero','publish',NULL,0,NULL,NULL,NULL,NULL,NULL,90,0,NULL,0,NULL,NULL,NULL,NULL,'https://sanalbertodelaforesta.cl/wp-content/uploads/2020/10/avance-feb-salf3.jpg',NULL,'5103','featured-image',NULL,NULL,'https://sanalbertodelaforesta.cl/wp-content/uploads/2020/10/avance-feb-salf3.jpg','5103','featured-image','{\"width\":1024,\"height\":768,\"url\":\"https://sanalbertodelaforesta.cl/wp-content/uploads/2020/10/avance-feb-salf3.jpg\",\"path\":\"/home/mdasalf/public_html/wp-content/uploads/2020/10/avance-feb-salf3.jpg\",\"size\":\"full\",\"id\":5103,\"alt\":\"\",\"pixels\":786432,\"type\":\"image/jpeg\"}',2,0,NULL,'2021-09-21 15:49:23','2022-10-18 19:47:08',1,NULL,NULL,NULL,NULL,0,1,2,'2022-03-15 14:04:20','2022-03-15 14:00:00',NULL),(13,'https://sanalbertodelaforesta.cl/proyecto/equipamiento/','55:be61a776147041e528bf35a66ca67662',1124,'post','page',1,2523,NULL,NULL,'Equipamiento','publish',NULL,0,NULL,NULL,NULL,NULL,NULL,0,0,NULL,0,NULL,NULL,NULL,NULL,'https://sanalbertodelaforesta.cl/wp-content/uploads/elementor/thumbs/accesos-salf3-pb34ry0snuua1q260zukmt2eiozjzzw7f5zq0nwj5s.jpg',NULL,NULL,'first-content-image',NULL,NULL,'https://sanalbertodelaforesta.cl/wp-content/uploads/elementor/thumbs/accesos-salf3-pb34ry0snuua1q260zukmt2eiozjzzw7f5zq0nwj5s.jpg',NULL,'first-content-image',NULL,8,1,NULL,'2021-09-21 16:26:30','2023-06-28 23:26:57',1,NULL,NULL,NULL,NULL,1,2,2,'2023-06-28 19:26:57','2021-07-02 17:50:58',0),(14,'https://sanalbertodelaforesta.cl/tag/avances-de-obra/','53:b27c6556cfcfda56f14c448dcc2fbdd7',15,'term','post_tag',NULL,NULL,NULL,NULL,'avances de obra',NULL,NULL,0,NULL,NULL,NULL,NULL,NULL,NULL,0,NULL,NULL,NULL,NULL,NULL,NULL,NULL,NULL,NULL,NULL,NULL,NULL,NULL,NULL,NULL,NULL,0,NULL,NULL,'2021-09-21 16:29:18','2021-12-07 20:39:40',1,NULL,NULL,NULL,NULL,0,NULL,2,NULL,NULL,NULL),(15,'https://sanalbertodelaforesta.cl/agradecimiento/','48:7238a79ea279b45ff79df7c3bfb72bc8',3100,'post','page',1,0,NULL,NULL,'Agradecimiento','publish',NULL,0,NULL,NULL,NULL,NULL,NULL,0,0,NULL,0,NULL,NULL,NULL,NULL,NULL,NULL,NULL,NULL,NULL,NULL,NULL,NULL,NULL,NULL,1,NULL,NULL,'2021-09-21 16:59:08','2021-12-07 20:39:10',1,NULL,NULL,NULL,NULL,0,NULL,2,'2021-08-24 18:05:40','2021-07-23 03:00:00',NULL),(17,'https://sanalbertodelaforesta.cl/politicas-de-privacidad/','57:2ed583ced907946dd9c33d740879d21a',4162,'post','page',1,0,NULL,NULL,'Políticas de Privacidad','publish',NULL,0,NULL,NULL,NULL,NULL,NULL,30,0,NULL,0,NULL,NULL,NULL,NULL,NULL,NULL,NULL,NULL,NULL,NULL,NULL,NULL,NULL,NULL,0,0,NULL,'2021-09-21 19:49:05','2023-06-20 14:07:49',1,NULL,NULL,NULL,NULL,0,7,2,'2022-02-28 19:22:13','2021-08-24 16:34:59',NULL),(18,'https://sanalbertodelaforesta.cl/bases-legales/','47:f4b86c067191f25036856747a6b6375f',3316,'post','page',1,0,NULL,NULL,'Bases legales','publish',NULL,0,NULL,NULL,NULL,NULL,NULL,30,0,NULL,0,NULL,NULL,NULL,NULL,NULL,NULL,NULL,NULL,NULL,NULL,NULL,NULL,NULL,NULL,0,NULL,NULL,'2021-09-21 20:40:25','2023-09-22 21:50:27',1,NULL,NULL,NULL,NULL,0,4,2,'2023-09-22 18:50:27','2021-07-27 13:18:28',0),(19,'https://sanalbertodelaforesta.cl/contacto/','42:6e6ecec143f2b8e76f6c89a73c596985',1197,'post','page',1,0,NULL,NULL,'Contacto','publish',NULL,0,NULL,NULL,NULL,NULL,NULL,90,0,NULL,0,NULL,NULL,NULL,NULL,NULL,NULL,NULL,NULL,NULL,NULL,NULL,NULL,NULL,NULL,0,NULL,NULL,'2021-09-21 21:14:47','2023-06-20 18:07:49',1,NULL,NULL,NULL,NULL,0,1,2,'2023-06-20 14:07:49','2021-07-02 19:36:28',0),(20,NULL,NULL,NULL,'date-archive',NULL,NULL,NULL,'%%date%% %%page%% %%sep%% %%sitename%%','',NULL,NULL,0,0,NULL,NULL,NULL,NULL,NULL,NULL,0,1,0,0,0,0,NULL,NULL,NULL,NULL,NULL,NULL,NULL,NULL,NULL,NULL,NULL,NULL,NULL,NULL,'2021-09-21 23:27:38','2021-09-22 02:27:38',1,NULL,NULL,NULL,NULL,0,NULL,1,NULL,NULL,NULL),(22,NULL,NULL,NULL,'system-page','search-result',NULL,NULL,'Has buscado %%searchphrase%% %%page%% %%sep%% %%sitename%%',NULL,NULL,NULL,NULL,0,NULL,NULL,NULL,NULL,NULL,NULL,0,1,0,0,0,0,NULL,NULL,NULL,NULL,NULL,NULL,NULL,NULL,NULL,NULL,NULL,NULL,NULL,NULL,'2021-09-22 11:41:56','2021-09-22 14:41:56',1,NULL,NULL,NULL,NULL,0,NULL,1,NULL,NULL,NULL),(23,'https://sanalbertodelaforesta.cl/tag/avance-de-obra/','52:c637bf1105a1f955a01f8ebc75e1991b',14,'term','post_tag',NULL,NULL,NULL,NULL,'avance de obra',NULL,NULL,0,NULL,NULL,NULL,NULL,NULL,NULL,0,NULL,NULL,NULL,NULL,NULL,NULL,NULL,NULL,NULL,NULL,NULL,NULL,NULL,NULL,NULL,NULL,0,NULL,NULL,'2021-09-22 14:29:40','2021-12-07 20:39:40',1,NULL,NULL,NULL,NULL,0,NULL,2,NULL,NULL,NULL),(24,'https://sanalbertodelaforesta.cl/category/avances-de-obra/','58:d129db65b906766d9067c1770b7188f1',10,'term','category',NULL,NULL,NULL,NULL,'Avances de Obra',NULL,NULL,0,NULL,NULL,NULL,NULL,NULL,NULL,0,NULL,NULL,NULL,NULL,NULL,NULL,NULL,NULL,NULL,NULL,NULL,NULL,NULL,NULL,NULL,NULL,0,NULL,NULL,'2021-09-22 16:16:58','2023-09-27 20:49:02',1,NULL,NULL,NULL,NULL,0,NULL,2,'2023-09-27 17:49:02','2020-09-25 02:00:00',NULL),(25,'https://sanalbertodelaforesta.cl/proyecto/avances-de-obra/','58:c14b95b129f192fab7dcb59c9149fe2d',2256,'post','page',1,2523,NULL,NULL,'Avances de obra','publish',NULL,0,NULL,NULL,NULL,NULL,NULL,0,0,NULL,0,NULL,NULL,NULL,NULL,'https://sanalbertodelaforesta.cl/wp-content/uploads/2023/09/h.jpg',NULL,NULL,'first-content-image',NULL,NULL,'https://sanalbertodelaforesta.cl/wp-content/uploads/2023/09/h.jpg',NULL,'first-content-image',NULL,6,1,NULL,'2021-09-24 16:45:53','2023-09-27 20:53:46',1,NULL,NULL,NULL,NULL,1,2,2,'2023-09-27 17:53:46','2021-07-08 01:38:35',0),(31,'https://sanalbertodelaforesta.cl/category/informativo/','54:e4b8bff6e36eb8e2e0d2d2b9f0bb72b6',13,'term','category',NULL,NULL,NULL,NULL,'Informativo',NULL,NULL,0,NULL,NULL,NULL,NULL,NULL,NULL,0,NULL,NULL,NULL,NULL,NULL,NULL,NULL,NULL,NULL,NULL,NULL,NULL,NULL,NULL,NULL,NULL,0,NULL,NULL,'2021-09-25 10:16:36','2021-12-07 20:39:40',1,NULL,NULL,NULL,NULL,0,NULL,2,NULL,NULL,NULL),(98,'https://sanalbertodelaforesta.cl/category/sin-categoria/','56:84d07af016f96d1f71ae33248fcbacbd',1,'term','category',NULL,NULL,NULL,NULL,'Sin categoría',NULL,NULL,0,NULL,NULL,NULL,NULL,NULL,NULL,0,NULL,NULL,NULL,NULL,NULL,NULL,NULL,NULL,NULL,NULL,NULL,NULL,NULL,NULL,NULL,NULL,0,NULL,NULL,'2021-11-05 17:51:39','2021-12-07 20:39:40',1,NULL,NULL,NULL,NULL,0,NULL,2,NULL,NULL,NULL),(99,'https://sanalbertodelaforesta.cl/category/postulaciones/','56:908d324d1dca9f6c51c3106db0e891ac',11,'term','category',NULL,NULL,NULL,NULL,'Postulaciones',NULL,NULL,0,NULL,NULL,NULL,NULL,NULL,NULL,0,NULL,NULL,NULL,NULL,NULL,NULL,NULL,NULL,NULL,NULL,NULL,NULL,NULL,NULL,NULL,NULL,0,NULL,NULL,'2021-11-05 17:51:39','2021-12-07 20:39:40',1,NULL,NULL,NULL,NULL,0,NULL,2,NULL,NULL,NULL),(289,'https://sanalbertodelaforesta.cl/?p=4013','40:142cf4fe7151d27880e67ac0b00c886f',4013,'post','post',1,0,NULL,NULL,'','draft',0,0,NULL,NULL,NULL,NULL,NULL,0,0,NULL,0,NULL,NULL,NULL,NULL,'https://sanalbertodelaforesta.cl/wp-content/uploads/2021/05/avance-sept.jpg',NULL,NULL,'first-content-image',NULL,NULL,'https://sanalbertodelaforesta.cl/wp-content/uploads/2021/05/avance-sept.jpg',NULL,'first-content-image',NULL,NULL,NULL,NULL,'2021-12-07 17:08:24','2021-12-16 19:56:25',1,NULL,NULL,NULL,NULL,0,NULL,2,'2021-08-20 13:56:15','0000-00-00 00:00:00',NULL),(366,'https://sanalbertodelaforesta.cl/avances-de-obra-mes-enero/','59:fd7c5d55a5d96caecb77d223c91b7f62',5120,'post','post',1,0,NULL,NULL,'Avances de obra &#8211; mes enero','publish',NULL,0,NULL,NULL,NULL,NULL,NULL,90,0,NULL,0,NULL,NULL,NULL,NULL,'https://sanalbertodelaforesta.cl/wp-content/uploads/2022/03/img-avance-enero.jpg',NULL,'5122','featured-image',NULL,NULL,'https://sanalbertodelaforesta.cl/wp-content/uploads/2022/03/img-avance-enero.jpg','5122','featured-image','{\"width\":1200,\"height\":800,\"url\":\"https://sanalbertodelaforesta.cl/wp-content/uploads/2022/03/img-avance-enero.jpg\",\"path\":\"/home/mdasalf/public_html/wp-content/uploads/2022/03/img-avance-enero.jpg\",\"size\":\"full\",\"id\":5122,\"alt\":\"\",\"pixels\":960000,\"type\":\"image/jpeg\"}',3,0,NULL,'2022-03-15 14:42:50','2022-06-17 14:22:45',1,NULL,NULL,NULL,NULL,0,1,2,'2022-03-15 15:02:37','2022-02-15 15:00:00',NULL),(374,'https://sanalbertodelaforesta.cl/avances-de-obra-mes-marzo/','59:69fed2e9348dbb1ebdbe3bea14cb3706',5198,'post','post',1,0,NULL,NULL,'Avances de obra &#8211; mes marzo','publish',NULL,0,NULL,NULL,NULL,NULL,NULL,90,0,NULL,0,NULL,NULL,NULL,NULL,'https://sanalbertodelaforesta.cl/wp-content/uploads/2022/04/avance-marzo.jpg',NULL,'5200','featured-image',NULL,NULL,'https://sanalbertodelaforesta.cl/wp-content/uploads/2022/04/avance-marzo.jpg','5200','featured-image','{\"width\":1024,\"height\":768,\"url\":\"https://sanalbertodelaforesta.cl/wp-content/uploads/2022/04/avance-marzo.jpg\",\"path\":\"/home/mdasalf/public_html/wp-content/uploads/2022/04/avance-marzo.jpg\",\"size\":\"full\",\"id\":5200,\"alt\":\"\",\"pixels\":786432,\"type\":\"image/jpeg\"}',0,0,NULL,'2022-04-20 22:59:40','2022-11-21 12:59:31',1,NULL,NULL,NULL,NULL,0,2,2,'2022-05-24 14:39:16','2022-04-20 23:00:12',NULL),(388,'https://sanalbertodelaforesta.cl/avances-de-obra-mes-abril/','59:b4e3dfa7bb34df3cda54c6d2dfced53f',5335,'post','post',1,0,NULL,NULL,'Avances de obra &#8211; mes abril','publish',NULL,0,NULL,NULL,NULL,NULL,NULL,90,0,NULL,0,NULL,NULL,NULL,NULL,'https://sanalbertodelaforesta.cl/wp-content/uploads/2022/04/avance-marzo.jpg',NULL,'5200','featured-image',NULL,NULL,'https://sanalbertodelaforesta.cl/wp-content/uploads/2022/04/avance-marzo.jpg','5200','featured-image','{\"width\":1024,\"height\":768,\"url\":\"https://sanalbertodelaforesta.cl/wp-content/uploads/2022/04/avance-marzo.jpg\",\"path\":\"/home/mdasalf/public_html/wp-content/uploads/2022/04/avance-marzo.jpg\",\"size\":\"full\",\"id\":5200,\"alt\":\"\",\"pixels\":786432,\"type\":\"image/jpeg\"}',0,0,NULL,'2022-05-30 18:44:19','2023-01-06 14:05:01',1,NULL,NULL,NULL,NULL,0,2,2,'2022-05-30 18:58:42','2022-05-30 18:44:41',NULL),(395,'https://sanalbertodelaforesta.cl/avances-de-obra-mes-mayo/','58:deb5a4fd92d69e23962e8abbd564d569',5393,'post','post',1,0,NULL,NULL,'Avances de obra &#8211; mes mayo','publish',NULL,0,NULL,NULL,NULL,NULL,NULL,90,0,NULL,0,NULL,NULL,NULL,NULL,'https://sanalbertodelaforesta.cl/wp-content/uploads/2022/06/f615af5a-052a-8136-671a-590c3478237e.jpeg',NULL,'5394','featured-image',NULL,NULL,'https://sanalbertodelaforesta.cl/wp-content/uploads/2022/06/f615af5a-052a-8136-671a-590c3478237e.jpeg','5394','featured-image','{\"width\":1024,\"height\":768,\"filesize\":154327,\"url\":\"https://sanalbertodelaforesta.cl/wp-content/uploads/2022/06/f615af5a-052a-8136-671a-590c3478237e.jpeg\",\"path\":\"/home/mdasalf/public_html/wp-content/uploads/2022/06/f615af5a-052a-8136-671a-590c3478237e.jpeg\",\"size\":\"full\",\"id\":5394,\"alt\":\"\",\"pixels\":786432,\"type\":\"image/jpeg\"}',0,0,NULL,'2022-06-17 14:12:04','2023-01-18 13:43:26',1,NULL,NULL,NULL,NULL,0,2,2,'2022-06-17 14:20:11','2022-06-17 14:12:35',NULL),(410,'https://sanalbertodelaforesta.cl/avances-de-obra-mes-julio/','59:f38b8894bc49eb961e4acb581d177e37',5501,'post','post',1,0,NULL,NULL,'Avances de obra &#8211; mes julio','publish',NULL,0,NULL,NULL,NULL,NULL,NULL,90,0,NULL,0,NULL,NULL,NULL,NULL,'https://sanalbertodelaforesta.cl/wp-content/uploads/2022/06/f615af5a-052a-8136-671a-590c3478237e.jpeg',NULL,'5394','featured-image',NULL,NULL,'https://sanalbertodelaforesta.cl/wp-content/uploads/2022/06/f615af5a-052a-8136-671a-590c3478237e.jpeg','5394','featured-image','{\"width\":1024,\"height\":768,\"filesize\":154327,\"url\":\"https://sanalbertodelaforesta.cl/wp-content/uploads/2022/06/f615af5a-052a-8136-671a-590c3478237e.jpeg\",\"path\":\"/home/mdasalf/public_html/wp-content/uploads/2022/06/f615af5a-052a-8136-671a-590c3478237e.jpeg\",\"size\":\"full\",\"id\":5394,\"alt\":\"\",\"pixels\":786432,\"type\":\"image/jpeg\"}',0,0,NULL,'2022-08-22 21:30:29','2023-02-16 21:16:51',1,NULL,NULL,NULL,NULL,0,2,2,'2022-08-22 21:52:45','2022-08-22 21:30:29',NULL),(421,'https://sanalbertodelaforesta.cl/avances-de-obra-mes-agosto/','60:40514150b720d9594cc9f41193605eb1',5634,'post','post',1,0,NULL,NULL,'Avances de obra &#8211; mes agosto','publish',NULL,0,NULL,NULL,NULL,NULL,NULL,90,0,NULL,0,NULL,NULL,NULL,NULL,'https://sanalbertodelaforesta.cl/wp-content/uploads/2022/06/f615af5a-052a-8136-671a-590c3478237e.jpeg',NULL,'5394','featured-image',NULL,NULL,'https://sanalbertodelaforesta.cl/wp-content/uploads/2022/06/f615af5a-052a-8136-671a-590c3478237e.jpeg','5394','featured-image','{\"width\":1024,\"height\":768,\"filesize\":154327,\"url\":\"https://sanalbertodelaforesta.cl/wp-content/uploads/2022/06/f615af5a-052a-8136-671a-590c3478237e.jpeg\",\"path\":\"/home/mdasalf/public_html/wp-content/uploads/2022/06/f615af5a-052a-8136-671a-590c3478237e.jpeg\",\"size\":\"full\",\"id\":5394,\"alt\":\"\",\"pixels\":786432,\"type\":\"image/jpeg\"}',0,0,NULL,'2022-09-26 18:11:52','2023-03-16 13:18:45',1,NULL,NULL,NULL,NULL,0,2,2,'2022-09-26 18:36:15','2022-09-26 18:14:10',NULL),(435,'https://sanalbertodelaforesta.cl/avances-de-obra-mes-septiembre/','64:3f62d9f52898b0cb17fb03702ed6c628',5711,'post','post',1,0,NULL,NULL,'Avances de obra &#8211; mes septiembre','publish',NULL,0,NULL,NULL,NULL,NULL,NULL,0,0,NULL,0,NULL,NULL,NULL,NULL,'https://sanalbertodelaforesta.cl/wp-content/uploads/2022/06/f615af5a-052a-8136-671a-590c3478237e.jpeg',NULL,'5394','featured-image',NULL,NULL,'https://sanalbertodelaforesta.cl/wp-content/uploads/2022/06/f615af5a-052a-8136-671a-590c3478237e.jpeg','5394','featured-image','{\"width\":1024,\"height\":768,\"filesize\":154327,\"url\":\"https://sanalbertodelaforesta.cl/wp-content/uploads/2022/06/f615af5a-052a-8136-671a-590c3478237e.jpeg\",\"path\":\"/home/mdasalf/public_html/wp-content/uploads/2022/06/f615af5a-052a-8136-671a-590c3478237e.jpeg\",\"size\":\"full\",\"id\":5394,\"alt\":\"\",\"pixels\":786432,\"type\":\"image/jpeg\"}',0,0,NULL,'2022-10-18 19:26:57','2023-05-03 22:24:24',1,NULL,NULL,NULL,NULL,0,2,2,'2022-10-18 19:43:57','2022-10-18 19:27:30',NULL),(449,'https://sanalbertodelaforesta.cl/avances-de-obra-mes-octubre/','61:5847da968dd070338bd475853392c809',5806,'post','post',1,0,NULL,NULL,'Avances de obra &#8211; mes octubre','publish',NULL,0,NULL,NULL,NULL,NULL,NULL,90,0,NULL,0,NULL,NULL,NULL,NULL,'https://sanalbertodelaforesta.cl/wp-content/uploads/2022/11/portada.jpg',NULL,'5808','featured-image',NULL,NULL,'https://sanalbertodelaforesta.cl/wp-content/uploads/2022/11/portada.jpg','5808','featured-image','{\"width\":1024,\"height\":768,\"filesize\":271943,\"url\":\"https://sanalbertodelaforesta.cl/wp-content/uploads/2022/11/portada.jpg\",\"path\":\"/home/mdasalf/public_html/wp-content/uploads/2022/11/portada.jpg\",\"size\":\"full\",\"id\":5808,\"alt\":\"\",\"pixels\":786432,\"type\":\"image/jpeg\"}',0,0,NULL,'2022-11-21 12:31:32','2023-05-22 14:19:07',1,NULL,NULL,NULL,NULL,0,2,2,'2022-11-21 12:49:51','2022-11-21 12:43:43',NULL),(462,'https://sanalbertodelaforesta.cl/avances-de-obra-mes-noviembre/','63:980fb32714034db195c4c35db379e648',5890,'post','post',1,0,NULL,NULL,'Avances de obra &#8211; mes noviembre','publish',NULL,0,NULL,NULL,NULL,NULL,NULL,60,0,NULL,0,NULL,NULL,NULL,NULL,'https://sanalbertodelaforesta.cl/wp-content/uploads/2022/11/portada.jpg',NULL,'5808','featured-image',NULL,NULL,'https://sanalbertodelaforesta.cl/wp-content/uploads/2022/11/portada.jpg','5808','featured-image','{\"width\":1024,\"height\":768,\"filesize\":271943,\"url\":\"https://sanalbertodelaforesta.cl/wp-content/uploads/2022/11/portada.jpg\",\"path\":\"/home/mdasalf/public_html/wp-content/uploads/2022/11/portada.jpg\",\"size\":\"full\",\"id\":5808,\"alt\":\"\",\"pixels\":786432,\"type\":\"image/jpeg\"}',0,0,NULL,'2023-01-06 13:40:24','2023-06-23 15:24:56',1,NULL,NULL,NULL,NULL,0,2,2,'2023-01-06 13:59:56','2023-01-06 13:40:24',NULL),(470,'https://sanalbertodelaforesta.cl/avances-de-obra-mes-diciembre/','63:03660ef98ff9f4b284a6efcd299d0ef5',5909,'post','post',1,0,NULL,NULL,'Avances de obra &#8211; mes diciembre','publish',NULL,0,NULL,NULL,NULL,NULL,NULL,60,0,NULL,0,NULL,NULL,NULL,NULL,'https://sanalbertodelaforesta.cl/wp-content/uploads/2023/01/portada-1.jpg',NULL,'5918','featured-image',NULL,NULL,'https://sanalbertodelaforesta.cl/wp-content/uploads/2023/01/portada-1.jpg','5918','featured-image','{\"width\":1024,\"height\":768,\"filesize\":160899,\"url\":\"https://sanalbertodelaforesta.cl/wp-content/uploads/2023/01/portada-1.jpg\",\"path\":\"/home/mdasalf/public_html/wp-content/uploads/2023/01/portada-1.jpg\",\"size\":\"full\",\"id\":5918,\"alt\":\"\",\"pixels\":786432,\"type\":\"image/jpeg\"}',0,0,NULL,'2023-01-18 13:14:30','2023-07-21 16:26:45',1,NULL,NULL,NULL,NULL,0,2,2,'2023-01-18 13:36:28','2023-01-18 13:14:30',NULL),(482,'https://sanalbertodelaforesta.cl/avances-de-obra-mes-enero-2/','61:8c533f3a106de105d6c131baaa832465',5955,'post','post',1,0,NULL,NULL,'Avances de obra &#8211; mes enero','publish',NULL,0,NULL,NULL,NULL,NULL,NULL,90,0,NULL,0,NULL,NULL,NULL,NULL,'https://sanalbertodelaforesta.cl/wp-content/uploads/2023/01/portada-1.jpg',NULL,'5918','featured-image',NULL,NULL,'https://sanalbertodelaforesta.cl/wp-content/uploads/2023/01/portada-1.jpg','5918','featured-image','{\"width\":1024,\"height\":768,\"filesize\":160899,\"url\":\"https://sanalbertodelaforesta.cl/wp-content/uploads/2023/01/portada-1.jpg\",\"path\":\"/home/mdasalf/public_html/wp-content/uploads/2023/01/portada-1.jpg\",\"size\":\"full\",\"id\":5918,\"alt\":\"\",\"pixels\":786432,\"type\":\"image/jpeg\"}',0,0,NULL,'2023-02-16 20:41:37','2023-08-30 16:13:25',1,NULL,NULL,NULL,NULL,0,2,2,'2023-02-16 21:20:07','2023-02-16 20:41:37',NULL),(483,'https://sanalbertodelaforesta.cl/avances-de-obra-mes-febrero-2/','63:eecb900e44ca697fc06ca3b6fafdd234',6036,'post','post',1,0,NULL,NULL,'Avances de obra &#8211; mes febrero','publish',NULL,0,NULL,NULL,NULL,NULL,NULL,60,0,NULL,0,NULL,NULL,NULL,NULL,'https://sanalbertodelaforesta.cl/wp-content/uploads/2023/03/fachada.jpg',NULL,'6046','featured-image',NULL,NULL,'https://sanalbertodelaforesta.cl/wp-content/uploads/2023/03/fachada.jpg','6046','featured-image','{\"width\":1024,\"height\":768,\"filesize\":128536,\"url\":\"https://sanalbertodelaforesta.cl/wp-content/uploads/2023/03/fachada.jpg\",\"path\":\"/home/mdasalf/public_html/wp-content/uploads/2023/03/fachada.jpg\",\"size\":\"full\",\"id\":6046,\"alt\":\"\",\"pixels\":786432,\"type\":\"image/jpeg\"}',0,0,NULL,'2023-03-16 12:39:06','2023-09-27 17:53:31',1,NULL,NULL,NULL,NULL,0,2,2,'2023-03-16 13:14:21','2023-03-16 12:39:06',NULL),(484,'https://sanalbertodelaforesta.cl/avances-de-obra-mes-marzo-2/','61:b76f4dc048cb41ad82f68bd5f16da955',6177,'post','post',1,0,NULL,NULL,'Avances de obra &#8211; mes marzo','publish',NULL,0,NULL,NULL,NULL,NULL,NULL,0,0,NULL,0,NULL,NULL,NULL,NULL,'https://sanalbertodelaforesta.cl/wp-content/uploads/2023/05/fachada.jpg',NULL,'6188','featured-image',NULL,NULL,'https://sanalbertodelaforesta.cl/wp-content/uploads/2023/05/fachada.jpg','6188','featured-image','{\"width\":1024,\"height\":768,\"filesize\":65255,\"url\":\"https://sanalbertodelaforesta.cl/wp-content/uploads/2023/05/fachada.jpg\",\"path\":\"/home/mdasalf/public_html/wp-content/uploads/2023/05/fachada.jpg\",\"size\":\"full\",\"id\":6188,\"alt\":\"\",\"pixels\":786432,\"type\":\"image/jpeg\"}',0,1,NULL,'2023-05-03 22:04:30','2023-05-03 22:24:24',1,NULL,NULL,NULL,NULL,0,2,2,'2023-05-03 22:20:52','2023-05-03 22:04:30',NULL),(485,'https://sanalbertodelaforesta.cl/avances-de-obra-mes-abril-2/','61:d4ee1550e345ccfc68ec3d1fde16d8cc',6252,'post','post',1,0,NULL,NULL,'Avances de obra &#8211; mes abril','publish',NULL,0,NULL,NULL,NULL,NULL,NULL,0,0,NULL,0,NULL,NULL,NULL,NULL,'https://sanalbertodelaforesta.cl/wp-content/uploads/2023/05/fachada.jpg',NULL,'6188','featured-image',NULL,NULL,'https://sanalbertodelaforesta.cl/wp-content/uploads/2023/05/fachada.jpg','6188','featured-image','{\"width\":1024,\"height\":768,\"filesize\":65255,\"url\":\"https://sanalbertodelaforesta.cl/wp-content/uploads/2023/05/fachada.jpg\",\"path\":\"/home/mdasalf/public_html/wp-content/uploads/2023/05/fachada.jpg\",\"size\":\"full\",\"id\":6188,\"alt\":\"\",\"pixels\":786432,\"type\":\"image/jpeg\"}',0,1,NULL,'2023-05-22 13:36:45','2023-05-22 14:19:07',1,NULL,NULL,NULL,NULL,0,2,2,'2023-05-22 14:16:40','2023-05-22 13:36:45',NULL),(486,'https://sanalbertodelaforesta.cl/aviso-legal/','45:ba436ac4ed27f1c1a0ff7c0cdaae4979',6308,'post','page',1,0,NULL,NULL,'Aviso legal','publish',NULL,0,NULL,NULL,NULL,NULL,NULL,0,0,NULL,0,NULL,NULL,NULL,NULL,NULL,NULL,NULL,NULL,NULL,NULL,NULL,NULL,NULL,NULL,0,NULL,NULL,'2023-06-19 21:38:57','2023-06-20 01:42:18',1,NULL,NULL,NULL,NULL,0,7,2,'2023-06-19 21:42:17','2023-06-19 21:38:56',0),(487,'https://sanalbertodelaforesta.cl/avances-de-obra-mes-mayo-2/','60:1fdee848e32b9245e41a92f17b31a2a0',6323,'post','post',1,0,NULL,NULL,'Avances de obra &#8211; mes mayo','publish',NULL,0,NULL,NULL,NULL,NULL,NULL,60,0,NULL,0,NULL,NULL,NULL,NULL,'https://sanalbertodelaforesta.cl/wp-content/uploads/2023/06/3.jpg',NULL,'6348','featured-image',NULL,NULL,'https://sanalbertodelaforesta.cl/wp-content/uploads/2023/06/3.jpg','6348','featured-image','{\"width\":528,\"height\":390,\"filesize\":63707,\"url\":\"https://sanalbertodelaforesta.cl/wp-content/uploads/2023/06/3.jpg\",\"path\":\"/home/mdasalf/public_html/wp-content/uploads/2023/06/3.jpg\",\"size\":\"full\",\"id\":6348,\"alt\":\"\",\"pixels\":205920,\"type\":\"image/jpeg\"}',0,1,NULL,'2023-06-23 13:56:44','2023-06-23 15:24:56',1,NULL,NULL,NULL,NULL,0,2,2,'2023-06-23 15:21:31','2023-06-23 13:56:43',0),(488,'https://sanalbertodelaforesta.cl/avances-de-obra-mes-junio/','59:7bc7d4dc7249a932ef38566957ccd99c',6394,'post','post',1,0,NULL,NULL,'Avances de obra &#8211; mes junio','publish',NULL,0,NULL,NULL,NULL,NULL,NULL,60,0,NULL,0,NULL,NULL,NULL,NULL,'https://sanalbertodelaforesta.cl/wp-content/uploads/2023/07/img1-avance-salf3.jpg',NULL,'6400','featured-image',NULL,NULL,'https://sanalbertodelaforesta.cl/wp-content/uploads/2023/07/img1-avance-salf3.jpg','6400','featured-image','{\"width\":528,\"height\":390,\"filesize\":37403,\"url\":\"https://sanalbertodelaforesta.cl/wp-content/uploads/2023/07/img1-avance-salf3.jpg\",\"path\":\"/home/mdasalf/public_html/wp-content/uploads/2023/07/img1-avance-salf3.jpg\",\"size\":\"full\",\"id\":6400,\"alt\":\"\",\"pixels\":205920,\"type\":\"image/jpeg\"}',0,1,NULL,'2023-07-21 16:09:55','2023-07-21 16:26:45',1,NULL,NULL,NULL,NULL,0,2,2,'2023-07-21 16:22:00','2023-07-21 16:09:55',0),(489,'https://sanalbertodelaforesta.cl/avances-de-obra-mes-julio-2/','61:8258bb823bb0e09f3ed0dd6905b4e2b3',6440,'post','post',1,0,NULL,NULL,'Avances de obra &#8211; mes julio','publish',NULL,0,NULL,NULL,NULL,NULL,NULL,90,0,NULL,0,NULL,NULL,NULL,NULL,'https://sanalbertodelaforesta.cl/wp-content/uploads/2023/07/img1-avance-salf3.jpg',NULL,'6400','featured-image',NULL,NULL,'https://sanalbertodelaforesta.cl/wp-content/uploads/2023/07/img1-avance-salf3.jpg','6400','featured-image','{\"width\":528,\"height\":390,\"filesize\":37403,\"url\":\"https://sanalbertodelaforesta.cl/wp-content/uploads/2023/07/img1-avance-salf3.jpg\",\"path\":\"/home/mdasalf/public_html/wp-content/uploads/2023/07/img1-avance-salf3.jpg\",\"size\":\"full\",\"id\":6400,\"alt\":\"\",\"pixels\":205920,\"type\":\"image/jpeg\"}',3,1,NULL,'2023-08-30 14:17:02','2023-08-30 16:13:25',1,NULL,NULL,NULL,NULL,0,2,2,'2023-08-30 16:09:24','2023-08-30 16:08:11',0),(490,'https://sanalbertodelaforesta.cl/avances-de-obra-mes-agosto-2/','62:ca70bc64b5a9f94551c07e81d99eb8b4',6488,'post','post',1,0,NULL,NULL,'Avances de obra &#8211; mes agosto','publish',NULL,0,NULL,NULL,NULL,NULL,NULL,90,0,NULL,0,NULL,NULL,NULL,NULL,'https://sanalbertodelaforesta.cl/wp-content/uploads/2023/07/img1-avance-salf3.jpg',NULL,'6400','featured-image',NULL,NULL,'https://sanalbertodelaforesta.cl/wp-content/uploads/2023/07/img1-avance-salf3.jpg','6400','featured-image','{\"width\":528,\"height\":390,\"filesize\":37403,\"url\":\"https://sanalbertodelaforesta.cl/wp-content/uploads/2023/07/img1-avance-salf3.jpg\",\"path\":\"/home/mdasalf/public_html/wp-content/uploads/2023/07/img1-avance-salf3.jpg\",\"size\":\"full\",\"id\":6400,\"alt\":\"\",\"pixels\":205920,\"type\":\"image/jpeg\"}',3,1,NULL,'2023-09-27 17:25:38','2023-09-27 17:53:31',1,NULL,NULL,NULL,NULL,0,2,2,'2023-09-27 17:49:02','2023-09-27 17:48:16',0);

--
-- Table structure for table `wp_yoast_indexable_hierarchy`
--

CREATE TABLE `wp_yoast_indexable_hierarchy` (
  `indexable_id` int(11) unsigned NOT NULL,
  `ancestor_id` int(11) unsigned NOT NULL,
  `depth` int(11) unsigned DEFAULT NULL,
  `blog_id` bigint(20) NOT NULL DEFAULT '1',
  PRIMARY KEY (`indexable_id`,`ancestor_id`),
  KEY `indexable_id` (`indexable_id`),
  KEY `ancestor_id` (`ancestor_id`),
  KEY `depth` (`depth`)
) ENGINE=InnoDB DEFAULT CHARSET=utf8mb4 COLLATE=utf8mb4_unicode_520_ci;

--
-- Dumping data for table `wp_yoast_indexable_hierarchy`
--

INSERT INTO `wp_yoast_indexable_hierarchy` VALUES (1,0,0,1),(3,0,0,1),(5,0,0,1),(6,0,0,1),(7,0,0,1),(8,0,0,1),(9,0,0,1),(11,5,1,1),(12,0,0,1),(13,5,1,1),(14,0,0,1),(15,0,0,1),(17,0,0,1),(18,0,0,1),(19,0,0,1),(20,0,0,1),(22,0,0,1),(23,0,0,1),(24,0,0,1),(25,5,1,1),(31,0,0,1),(98,0,0,1),(99,0,0,1),(289,0,0,1),(366,0,0,1),(374,0,0,1),(388,0,0,1),(395,0,0,1),(410,0,0,1),(421,0,0,1),(435,0,0,1),(449,0,0,1),(462,0,0,1),(470,0,0,1),(482,0,0,1),(483,0,0,1),(484,0,0,1),(485,0,0,1),(486,0,0,1),(487,0,0,1),(488,0,0,1),(489,0,0,1),(490,0,0,1);

--
-- Table structure for table `wp_yoast_migrations`
--

CREATE TABLE `wp_yoast_migrations` (
  `id` int(11) unsigned NOT NULL AUTO_INCREMENT,
  `version` varchar(191) COLLATE utf8mb4_unicode_520_ci DEFAULT NULL,
  PRIMARY KEY (`id`),
  UNIQUE KEY `wp4a_yoast_migrations_version` (`version`)
) ENGINE=InnoDB AUTO_INCREMENT=25 DEFAULT CHARSET=utf8mb4 COLLATE=utf8mb4_unicode_520_ci;

--
-- Dumping data for table `wp_yoast_migrations`
--

INSERT INTO `wp_yoast_migrations` VALUES (1,'20171228151840'),(2,'20171228151841'),(3,'20190529075038'),(4,'20191011111109'),(5,'20200408101900'),(6,'20200420073606'),(7,'20200428123747'),(8,'20200428194858'),(9,'20200429105310'),(10,'20200430075614'),(11,'20200430150130'),(12,'20200507054848'),(13,'20200513133401'),(14,'20200609154515'),(15,'20200616130143'),(16,'20200617122511'),(17,'20200702141921'),(18,'20200728095334'),(19,'20201202144329'),(20,'20201216124002'),(21,'20201216141134'),(22,'20210817092415'),(23,'20211020091404'),(24,'20230417083836');

--
-- Table structure for table `wp_yoast_primary_term`
--

CREATE TABLE `wp_yoast_primary_term` (
  `id` int(11) unsigned NOT NULL AUTO_INCREMENT,
  `post_id` bigint(20) DEFAULT NULL,
  `term_id` bigint(20) DEFAULT NULL,
  `taxonomy` varchar(32) COLLATE utf8mb4_unicode_520_ci NOT NULL,
  `created_at` datetime DEFAULT NULL,
  `updated_at` timestamp NOT NULL DEFAULT CURRENT_TIMESTAMP ON UPDATE CURRENT_TIMESTAMP,
  `blog_id` bigint(20) NOT NULL DEFAULT '1',
  PRIMARY KEY (`id`),
  KEY `post_taxonomy` (`post_id`,`taxonomy`),
  KEY `post_term` (`post_id`,`term_id`)
) ENGINE=InnoDB AUTO_INCREMENT=20 DEFAULT CHARSET=utf8mb4 COLLATE=utf8mb4_unicode_520_ci;

--
-- Dumping data for table `wp_yoast_primary_term`
--

INSERT INTO `wp_yoast_primary_term` VALUES (1,2054,10,'category','2022-03-15 13:53:32','2022-03-15 17:04:20',1),(2,5120,10,'category','2022-03-15 14:43:14','2022-03-15 18:02:37',1),(3,5198,10,'category','2022-04-20 23:00:12','2022-05-24 18:39:16',1),(4,5335,10,'category','2022-05-30 18:44:41','2022-05-30 22:58:42',1),(5,5393,10,'category','2022-06-17 14:12:36','2022-06-17 18:20:11',1),(6,5501,10,'category','2022-08-22 21:32:16','2022-08-23 01:52:46',1),(7,5634,10,'category','2022-09-26 18:13:04','2022-09-26 21:36:15',1),(8,5711,10,'category','2022-10-18 19:27:30','2022-10-18 22:43:57',1),(9,5806,10,'category','2022-11-21 12:33:59','2022-11-21 15:49:51',1),(10,5890,10,'category','2023-01-06 13:40:47','2023-01-06 16:59:56',1),(11,5909,10,'category','2023-01-18 13:14:50','2023-01-18 16:36:29',1),(12,5955,10,'category','2023-02-16 20:41:53','2023-02-17 00:20:07',1),(13,6036,10,'category','2023-03-16 12:39:22','2023-03-16 16:14:22',1),(14,6177,10,'category','2023-05-03 22:04:53','2023-05-04 02:20:52',1),(15,6252,10,'category','2023-05-22 13:36:45','2023-05-22 18:16:41',1),(16,6323,10,'category','2023-06-23 13:56:44','2023-06-23 19:21:32',1),(17,6394,10,'category','2023-07-21 16:09:56','2023-07-21 20:22:00',1),(18,6440,10,'category','2023-08-30 14:17:02','2023-08-30 20:09:25',1),(19,6488,10,'category','2023-09-27 17:25:38','2023-09-27 20:49:02',1);

--
-- Table structure for table `wp_yoast_seo_links`
--

CREATE TABLE `wp_yoast_seo_links` (
  `id` bigint(20) unsigned NOT NULL AUTO_INCREMENT,
  `url` varchar(255) DEFAULT NULL,
  `post_id` bigint(20) unsigned DEFAULT NULL,
  `target_post_id` bigint(20) unsigned DEFAULT NULL,
  `type` varchar(8) DEFAULT NULL,
  `indexable_id` int(11) unsigned DEFAULT NULL,
  `target_indexable_id` int(11) unsigned DEFAULT NULL,
  `height` int(11) unsigned DEFAULT NULL,
  `width` int(11) unsigned DEFAULT NULL,
  `size` int(11) unsigned DEFAULT NULL,
  `language` varchar(32) DEFAULT NULL,
  `region` varchar(32) DEFAULT NULL,
  PRIMARY KEY (`id`),
  KEY `link_direction` (`post_id`,`type`),
  KEY `indexable_link_direction` (`indexable_id`,`type`)
) ENGINE=InnoDB AUTO_INCREMENT=6809 DEFAULT CHARSET=utf8;

--
-- Dumping data for table `wp_yoast_seo_links`
--

INSERT INTO `wp_yoast_seo_links` VALUES (10,'https://www.minvu.cl/beneficio/vivienda/subsidio-de-integracion-social-y-territorial-ds19/',17,NULL,'external',6,NULL,NULL,NULL,NULL,NULL,NULL),(11,'https://sanalbertodelaforesta.cl/asesoria/',17,1707,'internal',6,9,NULL,NULL,NULL,NULL,NULL),(12,'https://sanalbertodelaforesta.cl/capsulas-informativas-ds-19/',17,1662,'internal',6,7,NULL,NULL,NULL,NULL,NULL),(394,'https://sanalbertodelaforesta.cl/wp-content/uploads/2021/07/tipologia-b-salf3-1.jpg',936,NULL,'internal',11,NULL,NULL,NULL,NULL,NULL,NULL),(395,'https://sanalbertodelaforesta.cl/wp-content/uploads/2021/08/tipologia-b-salf3.jpg',936,NULL,'internal',11,NULL,NULL,NULL,NULL,NULL,NULL),(396,'https://sanalbertodelaforesta.cl/wp-content/uploads/2021/08/tipologia-c-salf3-1.jpg',936,NULL,'internal',11,NULL,NULL,NULL,NULL,NULL,NULL),(397,'https://sanalbertodelaforesta.cl/wp-content/uploads/2021/08/tipologia-d1-salf3-1.jpg',936,NULL,'internal',11,NULL,NULL,NULL,NULL,NULL,NULL),(398,'https://sanalbertodelaforesta.cl/wp-content/uploads/2021/08/tipologia-d2-salf3-1.jpg',936,NULL,'internal',11,NULL,NULL,NULL,NULL,NULL,NULL),(399,'https://sanalbertodelaforesta.cl/wp-content/uploads/2021/08/tipologia-e-salf3-1.jpg',936,NULL,'internal',11,NULL,NULL,NULL,NULL,NULL,NULL),(400,'',936,NULL,'internal',11,3,NULL,NULL,NULL,NULL,NULL),(401,'https://sanalbertodelaforesta.cl/wp-content/uploads/2021/07/tipologia-b-salf3-1.jpg',936,NULL,'internal',11,NULL,NULL,NULL,NULL,NULL,NULL),(402,'',936,NULL,'internal',11,3,NULL,NULL,NULL,NULL,NULL),(403,'https://sanalbertodelaforesta.cl/wp-content/uploads/2021/08/tipologia-b-salf3.jpg',936,NULL,'internal',11,NULL,NULL,NULL,NULL,NULL,NULL),(404,'',936,NULL,'internal',11,3,NULL,NULL,NULL,NULL,NULL),(405,'https://sanalbertodelaforesta.cl/wp-content/uploads/2021/08/tipologia-c-salf3-1.jpg',936,NULL,'internal',11,NULL,NULL,NULL,NULL,NULL,NULL),(406,'',936,NULL,'internal',11,3,NULL,NULL,NULL,NULL,NULL),(407,'https://sanalbertodelaforesta.cl/wp-content/uploads/2021/08/tipologia-d1-salf3-1.jpg',936,NULL,'internal',11,NULL,NULL,NULL,NULL,NULL,NULL),(408,'',936,NULL,'internal',11,3,NULL,NULL,NULL,NULL,NULL),(409,'https://sanalbertodelaforesta.cl/wp-content/uploads/2021/08/tipologia-d2-salf3-1.jpg',936,NULL,'internal',11,NULL,NULL,NULL,NULL,NULL,NULL),(410,'',936,NULL,'internal',11,3,NULL,NULL,NULL,NULL,NULL),(411,'https://sanalbertodelaforesta.cl/wp-content/uploads/2021/08/tipologia-e-salf3-1.jpg',936,NULL,'internal',11,NULL,NULL,NULL,NULL,NULL,NULL),(440,'https://mdai.cl/proyectos/',1707,NULL,'external',9,NULL,NULL,NULL,NULL,NULL,NULL),(501,'https://sanalbertodelaforesta.cl/proyecto/plantas/',2523,936,'internal',5,11,NULL,NULL,NULL,NULL,NULL),(502,'https://sanalbertodelaforesta.cl/proyecto/equipamiento/',2523,1124,'internal',5,13,NULL,NULL,NULL,NULL,NULL),(503,'https://sanalbertodelaforesta.cl/',3100,NULL,'internal',15,3,NULL,NULL,NULL,NULL,NULL),(504,'https://mdai.cl/post-venta/',3829,NULL,'external',8,NULL,NULL,NULL,NULL,NULL,NULL),(1072,'mailto:fgarate@mdai.cl',4162,NULL,'external',17,NULL,NULL,NULL,NULL,NULL,NULL),(1073,'mailto:fgarate@mdai.cl',4162,NULL,'external',17,NULL,NULL,NULL,NULL,NULL,NULL),(1074,'mailto:a:fgarate@mdai.cl',4162,NULL,'external',17,NULL,NULL,NULL,NULL,NULL,NULL),(1075,'mailto:fgarate@mdai.cl',4162,NULL,'external',17,NULL,NULL,NULL,NULL,NULL,NULL),(1076,'https://sanalbertodelaforesta.cl/wp-content/uploads/2021/07/tipologia-b-salf3-1.jpg',936,4262,'image-in',11,NULL,594,796,86154,NULL,NULL),(1077,'https://sanalbertodelaforesta.cl/wp-content/uploads/2021/08/tipologia-b-salf3.jpg',936,4266,'image-in',11,NULL,594,796,81064,NULL,NULL),(1078,'https://sanalbertodelaforesta.cl/wp-content/uploads/2021/08/tipologia-c-salf3-1.jpg',936,4269,'image-in',11,NULL,594,796,77135,NULL,NULL),(1079,'https://sanalbertodelaforesta.cl/wp-content/uploads/2021/08/tipologia-d1-salf3-1.jpg',936,4272,'image-in',11,NULL,594,796,80215,NULL,NULL),(1080,'https://sanalbertodelaforesta.cl/wp-content/uploads/2021/08/tipologia-d2-salf3-1.jpg',936,4275,'image-in',11,NULL,594,796,76118,NULL,NULL),(1081,'https://sanalbertodelaforesta.cl/wp-content/uploads/2021/08/tipologia-e-salf3-1.jpg',936,4278,'image-in',11,NULL,594,796,86252,NULL,NULL),(1082,'https://sanalbertodelaforesta.cl/wp-content/uploads/2021/07/tipologia-b-salf3-1.jpg',936,4262,'image-in',11,NULL,594,796,86154,NULL,NULL),(1083,'https://sanalbertodelaforesta.cl/wp-content/uploads/2021/08/tipologia-b-salf3.jpg',936,4266,'image-in',11,NULL,594,796,81064,NULL,NULL),(1084,'https://sanalbertodelaforesta.cl/wp-content/uploads/2021/08/tipologia-c-salf3-1.jpg',936,4269,'image-in',11,NULL,594,796,77135,NULL,NULL),(1085,'https://sanalbertodelaforesta.cl/wp-content/uploads/2021/08/tipologia-d1-salf3-1.jpg',936,4272,'image-in',11,NULL,594,796,80215,NULL,NULL),(1086,'https://sanalbertodelaforesta.cl/wp-content/uploads/2021/08/tipologia-d2-salf3-1.jpg',936,4275,'image-in',11,NULL,594,796,76118,NULL,NULL),(1087,'https://sanalbertodelaforesta.cl/wp-content/uploads/2021/08/tipologia-e-salf3-1.jpg',936,4278,'image-in',11,NULL,594,796,86252,NULL,NULL),(1147,'https://sanalbertodelaforesta.cl/wp-content/uploads/2021/07/asesoria-mda.jpg',1707,1225,'image-in',9,NULL,450,800,62156,NULL,NULL),(3816,'https://sanalbertodelaforesta.cl/wp-content/uploads/2020/10/avance-feb-salf3.jpg',2054,5103,'image-in',12,NULL,768,1024,384448,NULL,NULL),(3817,'https://sanalbertodelaforesta.cl/proyecto/avances-de-obra/',2523,2256,'internal',5,25,NULL,NULL,NULL,NULL,NULL),(3820,'https://sanalbertodelaforesta.cl/wp-content/uploads/2022/03/img-avance-enero.jpg',5120,5122,'image-in',366,NULL,800,1200,491590,NULL,NULL),(4231,'https://sanalbertodelaforesta.cl/wp-content/uploads/2022/04/avance-marzo.jpg',5198,5200,'image-in',374,NULL,768,1024,150878,NULL,NULL),(4723,'https://sanalbertodelaforesta.cl/wp-content/uploads/2022/05/img4-salf.png',5335,5344,'image-in',388,NULL,616,818,964562,NULL,NULL),(4724,'https://sanalbertodelaforesta.cl/wp-content/uploads/2022/05/img1-salf.png',5335,5341,'image-in',388,NULL,577,768,720986,NULL,NULL),(4725,'https://sanalbertodelaforesta.cl/wp-content/uploads/2022/05/img2-salf.png',5335,5342,'image-in',388,NULL,616,820,868640,NULL,NULL),(4726,'https://sanalbertodelaforesta.cl/wp-content/uploads/2022/05/img-3.png',5335,5343,'image-in',388,NULL,616,818,869348,NULL,NULL),(4727,'https://sanalbertodelaforesta.cl/wp-content/uploads/2022/05/img4-salf.png',5335,5344,'image-in',388,NULL,616,818,964562,NULL,NULL),(4824,'https://sanalbertodelaforesta.cl/wp-content/uploads/2022/06/546388e8-575b-d628-e64e-ead5a4348367-scaled.jpeg',5393,5397,'image-in',395,NULL,1920,2560,847982,NULL,NULL),(4825,'https://sanalbertodelaforesta.cl/wp-content/uploads/2022/06/8ab3d5fd-42a6-7d2e-b2fa-cf4712653974-1024x768.jpeg',5393,5401,'image-in',395,NULL,1920,2560,870921,NULL,NULL),(4826,'https://sanalbertodelaforesta.cl/wp-content/uploads/2022/06/546388e8-575b-d628-e64e-ead5a4348367-1-1024x768.jpeg',5393,5402,'image-in',395,NULL,1920,2560,847982,NULL,NULL),(4827,'https://sanalbertodelaforesta.cl/wp-content/uploads/2022/06/a71db59e-d47c-81db-056f-2991e1bd23d8.jpeg',5393,5403,'image-in',395,NULL,1024,768,158598,NULL,NULL),(4828,'https://sanalbertodelaforesta.cl/wp-content/uploads/2022/06/f615af5a-052a-8136-671a-590c3478237e-1.jpeg',5393,5404,'image-in',395,NULL,768,1024,154327,NULL,NULL),(5007,'https://sanalbertodelaforesta.cl/wp-content/uploads/2022/08/portada-1.jpg',5501,5505,'image-in',410,NULL,1920,2560,781337,NULL,NULL),(5008,'https://sanalbertodelaforesta.cl/wp-content/uploads/2022/08/img5.jpg',5501,5506,'image-in',410,NULL,600,800,347442,NULL,NULL),(5009,'https://sanalbertodelaforesta.cl/wp-content/uploads/2022/08/img4.jpg',5501,5507,'image-in',410,NULL,600,800,417575,NULL,NULL),(5010,'https://sanalbertodelaforesta.cl/wp-content/uploads/2022/08/img3.jpg',5501,5508,'image-in',410,NULL,600,800,353616,NULL,NULL),(5011,'https://sanalbertodelaforesta.cl/wp-content/uploads/2022/08/img2.jpg',5501,5509,'image-in',410,NULL,600,800,384375,NULL,NULL),(5012,'https://sanalbertodelaforesta.cl/wp-content/uploads/2022/08/img1.jpg',5501,5510,'image-in',410,NULL,600,800,240002,NULL,NULL),(5204,'https://sanalbertodelaforesta.cl/wp-content/uploads/2022/09/destacados.jpg',5634,5641,'image-in',421,NULL,1675,2233,849031,NULL,NULL),(5205,'https://sanalbertodelaforesta.cl/wp-content/uploads/2022/09/imagen-1.jpg',5634,5637,'image-in',421,NULL,390,528,58481,NULL,NULL),(5206,'https://sanalbertodelaforesta.cl/wp-content/uploads/2022/09/imagen-3.jpg',5634,5638,'image-in',421,NULL,390,528,68032,NULL,NULL),(5207,'https://sanalbertodelaforesta.cl/wp-content/uploads/2022/09/imagen-4.jpg',5634,5639,'image-in',421,NULL,390,528,75515,NULL,NULL),(5208,'https://sanalbertodelaforesta.cl/wp-content/uploads/2022/09/imagen-seis.jpg',5634,5640,'image-in',421,NULL,390,528,80992,NULL,NULL),(5405,'https://sanalbertodelaforesta.cl/wp-content/uploads/2022/10/port.jpg',5711,5722,'image-in',435,NULL,1675,2233,623348,NULL,NULL),(5406,'https://sanalbertodelaforesta.cl/wp-content/uploads/2022/10/img1-1.jpg',5711,5718,'image-in',435,NULL,390,528,31310,NULL,NULL),(5407,'https://sanalbertodelaforesta.cl/wp-content/uploads/2022/10/img2.jpg',5711,5719,'image-in',435,NULL,390,528,41824,NULL,NULL),(5408,'https://sanalbertodelaforesta.cl/wp-content/uploads/2022/10/img3.jpg',5711,5720,'image-in',435,NULL,390,528,54810,NULL,NULL),(5409,'https://sanalbertodelaforesta.cl/wp-content/uploads/2022/10/img4.jpg',5711,5721,'image-in',435,NULL,390,528,20669,NULL,NULL),(5595,'https://sanalbertodelaforesta.cl/wp-content/uploads/2022/11/img-portada.jpg',5806,5809,'image-in',449,NULL,1675,2233,542339,NULL,NULL),(5600,'https://sanalbertodelaforesta.cl/wp-content/uploads/2022/11/galeria-1.jpg',5806,5810,'image-in',449,NULL,390,528,44752,NULL,NULL),(5601,'https://sanalbertodelaforesta.cl/wp-content/uploads/2022/11/galeria-2.jpg',5806,5811,'image-in',449,NULL,390,528,32941,NULL,NULL),(5602,'https://sanalbertodelaforesta.cl/wp-content/uploads/2022/11/galeria-3.jpg',5806,5812,'image-in',449,NULL,390,528,34286,NULL,NULL),(5603,'https://sanalbertodelaforesta.cl/wp-content/uploads/2022/11/galeria-4.jpg',5806,5813,'image-in',449,NULL,390,528,31236,NULL,NULL),(5630,'https://sanalbertodelaforesta.cl/wp-content/uploads/2022/11/masterplan-28112022.jpg',1124,5831,'image-in',13,NULL,1636,2000,340217,NULL,NULL),(5775,'https://sanalbertodelaforesta.cl/wp-content/uploads/2023/01/portada.jpg',5890,5893,'image-in',462,NULL,1675,2233,418220,NULL,NULL),(5782,'https://sanalbertodelaforesta.cl/wp-content/uploads/2023/01/img1.jpg',5890,5894,'image-in',462,NULL,390,528,47622,NULL,NULL),(5783,'https://sanalbertodelaforesta.cl/wp-content/uploads/2023/01/img2.jpg',5890,5895,'image-in',462,NULL,390,528,58186,NULL,NULL),(5784,'https://sanalbertodelaforesta.cl/wp-content/uploads/2023/01/img3.jpg',5890,5896,'image-in',462,NULL,390,528,53168,NULL,NULL),(5785,'https://sanalbertodelaforesta.cl/wp-content/uploads/2023/01/img4.jpg',5890,5897,'image-in',462,NULL,390,528,52909,NULL,NULL),(5786,'https://sanalbertodelaforesta.cl/wp-content/uploads/2023/01/img5.jpg',5890,5898,'image-in',462,NULL,390,528,76192,NULL,NULL),(5787,'https://sanalbertodelaforesta.cl/wp-content/uploads/2023/01/img6.jpg',5890,5899,'image-in',462,NULL,390,528,57712,NULL,NULL),(5790,'https://sanalbertodelaforesta.cl/wp-content/uploads/2023/01/portada.jpg',5909,5893,'image-in',470,NULL,1675,2233,418220,NULL,NULL),(5791,'https://sanalbertodelaforesta.cl/wp-content/uploads/2023/01/IMG1-1.jpg',5909,5912,'image-in',470,NULL,390,528,54546,NULL,NULL),(5792,'https://sanalbertodelaforesta.cl/wp-content/uploads/2023/01/IMG2-1.jpg',5909,5913,'image-in',470,NULL,390,528,58073,NULL,NULL),(5793,'https://sanalbertodelaforesta.cl/wp-content/uploads/2023/01/IMG3-1.jpg',5909,5914,'image-in',470,NULL,390,528,66993,NULL,NULL),(5794,'https://sanalbertodelaforesta.cl/wp-content/uploads/2023/01/IMG4-1.jpg',5909,5915,'image-in',470,NULL,390,528,60711,NULL,NULL),(5795,'https://sanalbertodelaforesta.cl/wp-content/uploads/2023/01/IMG5-1.jpg',5909,5916,'image-in',470,NULL,390,528,58147,NULL,NULL),(5796,'https://sanalbertodelaforesta.cl/wp-content/uploads/2023/01/IMG6-1.jpg',5909,5917,'image-in',470,NULL,390,528,55156,NULL,NULL),(5865,'https://sanalbertodelaforesta.cl/wp-content/uploads/2023/02/img5.jpg',5955,5958,'image-in',482,NULL,390,528,58263,NULL,NULL),(5866,'https://sanalbertodelaforesta.cl/wp-content/uploads/2023/02/img4.jpg',5955,5959,'image-in',482,NULL,390,528,53870,NULL,NULL),(5867,'https://sanalbertodelaforesta.cl/wp-content/uploads/2023/02/img3.jpg',5955,5960,'image-in',482,NULL,390,528,42473,NULL,NULL),(5868,'https://sanalbertodelaforesta.cl/wp-content/uploads/2023/02/img2.jpg',5955,5961,'image-in',482,NULL,390,528,42824,NULL,NULL),(5869,'https://sanalbertodelaforesta.cl/wp-content/uploads/2023/02/img1.jpg',5955,5962,'image-in',482,NULL,390,528,55507,NULL,NULL),(5872,'https://sanalbertodelaforesta.cl/wp-content/uploads/2023/02/salf3.jpg',5955,5954,'image-in',482,NULL,768,1024,147496,NULL,NULL),(6030,'https://sanalbertodelaforesta.cl/wp-content/uploads/2023/03/1.jpg',6036,6039,'image-in',483,NULL,390,528,52233,NULL,NULL),(6031,'https://sanalbertodelaforesta.cl/wp-content/uploads/2023/03/2.jpg',6036,6040,'image-in',483,NULL,390,528,52162,NULL,NULL),(6032,'https://sanalbertodelaforesta.cl/wp-content/uploads/2023/03/3.jpg',6036,6041,'image-in',483,NULL,390,528,51896,NULL,NULL),(6033,'https://sanalbertodelaforesta.cl/wp-content/uploads/2023/03/4.jpg',6036,6042,'image-in',483,NULL,390,528,50245,NULL,NULL),(6034,'https://sanalbertodelaforesta.cl/wp-content/uploads/2023/03/fachada.jpg',6036,6046,'image-in',483,NULL,768,1024,128536,NULL,NULL),(6123,'https://sanalbertodelaforesta.cl/wp-content/uploads/2023/04/dormitorio-2.jpg',1124,NULL,'internal',13,NULL,NULL,NULL,NULL,NULL,NULL),(6124,'https://sanalbertodelaforesta.cl/wp-content/uploads/2023/04/dormitorio-2.jpg',1124,6083,'image-in',13,NULL,600,800,61190,NULL,NULL),(6125,'https://sanalbertodelaforesta.cl/wp-content/uploads/2023/04/dormitorio-4.jpg',1124,6084,'image-in',13,NULL,600,800,72806,NULL,NULL),(6126,'https://sanalbertodelaforesta.cl/wp-content/uploads/2023/04/dormitorio-3.jpg',1124,6085,'image-in',13,NULL,600,800,60428,NULL,NULL),(6127,'https://sanalbertodelaforesta.cl/wp-content/uploads/2023/04/dormitorio-b.jpg',1124,6086,'image-in',13,NULL,600,800,48772,NULL,NULL),(6128,'https://sanalbertodelaforesta.cl/wp-content/uploads/2023/04/dormitorio-d1.jpg',1124,6087,'image-in',13,NULL,600,800,62154,NULL,NULL),(6130,'https://sanalbertodelaforesta.cl/wp-content/uploads/2023/04/living-comedor-3.jpg',1124,6089,'image-in',13,NULL,600,800,64707,NULL,NULL),(6131,'https://sanalbertodelaforesta.cl/wp-content/uploads/2023/04/bano.jpg',1124,6082,'image-in',13,NULL,600,800,48947,NULL,NULL),(6187,'https://sanalbertodelaforesta.cl/wp-content/uploads/2023/04/asesoria-salf3-1.png',17,6124,'image-in',6,NULL,161,556,45177,NULL,NULL),(6409,'https://sanalbertodelaforesta.cl/wp-content/uploads/2023/03/fachada.jpg',6177,6046,'image-in',484,NULL,768,1024,128536,NULL,NULL),(6414,'https://sanalbertodelaforesta.cl/wp-content/uploads/2023/05/img1.jpg',6177,6180,'image-in',484,NULL,390,528,24566,NULL,NULL),(6415,'https://sanalbertodelaforesta.cl/wp-content/uploads/2023/05/img2.jpg',6177,6181,'image-in',484,NULL,390,528,26001,NULL,NULL),(6416,'https://sanalbertodelaforesta.cl/wp-content/uploads/2023/05/img3.jpg',6177,6182,'image-in',484,NULL,390,528,26379,NULL,NULL),(6417,'https://sanalbertodelaforesta.cl/wp-content/uploads/2023/05/img4.jpg',6177,6183,'image-in',484,NULL,390,528,24866,NULL,NULL),(6418,'https://sanalbertodelaforesta.cl/avances-de-obra-mes-marzo-2/',2256,6177,'internal',25,484,NULL,NULL,NULL,NULL,NULL),(6419,'https://sanalbertodelaforesta.cl/wp-content/uploads/2023/05/img4.jpg',2256,6183,'image-in',25,NULL,390,528,24866,NULL,NULL),(6522,'https://sanalbertodelaforesta.cl/wp-content/uploads/2023/05/3.jpg',6252,6255,'image-in',485,NULL,390,528,128939,NULL,NULL),(6523,'https://sanalbertodelaforesta.cl/wp-content/uploads/2023/05/2.jpg',6252,6256,'image-in',485,NULL,390,528,147393,NULL,NULL),(6524,'https://sanalbertodelaforesta.cl/wp-content/uploads/2023/05/1.jpg',6252,6257,'image-in',485,NULL,390,528,138437,NULL,NULL),(6525,'https://sanalbertodelaforesta.cl/wp-content/uploads/2023/05/fachada-1.jpg',6252,6262,'image-in',485,NULL,768,1024,368022,NULL,NULL),(6526,'https://sanalbertodelaforesta.cl/avances-de-obra-mes-abril-2/',2256,6252,'internal',25,485,NULL,NULL,NULL,NULL,NULL),(6527,'https://sanalbertodelaforesta.cl/wp-content/uploads/2023/05/3.jpg',2256,6255,'image-in',25,NULL,390,528,128939,NULL,NULL),(6625,'https://sanalbertodelaforesta.cl/wp-content/uploads/2023/06/1.jpg',6323,6346,'image-in',487,NULL,390,528,68358,NULL,NULL),(6626,'https://sanalbertodelaforesta.cl/wp-content/uploads/2023/06/2.jpg',6323,6347,'image-in',487,NULL,390,528,72008,NULL,NULL),(6627,'https://sanalbertodelaforesta.cl/wp-content/uploads/2023/06/1.jpg',6323,6346,'image-in',487,NULL,390,528,68358,NULL,NULL),(6628,'https://sanalbertodelaforesta.cl/wp-content/uploads/2023/06/3.jpg',6323,6348,'image-in',487,NULL,390,528,63707,NULL,NULL),(6629,'https://sanalbertodelaforesta.cl/wp-content/uploads/2023/06/portada.jpg',6323,6359,'image-in',487,NULL,768,1024,181881,NULL,NULL),(6630,'https://sanalbertodelaforesta.cl/avances-de-obra-mes-mayo-2/',2256,6323,'internal',25,487,NULL,NULL,NULL,NULL,NULL),(6631,'https://sanalbertodelaforesta.cl/wp-content/uploads/2023/06/3.jpg',2256,6348,'image-in',25,NULL,390,528,63707,NULL,NULL),(6632,'https://sanalbertodelaforesta.cl/wp-content/uploads/2023/06/img1.jpg',1124,NULL,'internal',13,NULL,NULL,NULL,NULL,NULL,NULL),(6633,'https://sanalbertodelaforesta.cl/wp-content/uploads/2023/06/img1.jpg',1124,6371,'image-in',13,NULL,600,800,83349,NULL,NULL),(6641,'https://sanalbertodelaforesta.cl/wp-content/uploads/elementor/thumbs/accesos-salf3-pb34ry0snuua1q260zukmt2eiozjzzw7f5zq0nwj5s.jpg',1124,NULL,'image-in',13,NULL,NULL,NULL,NULL,NULL,NULL),(6642,'https://sanalbertodelaforesta.cl/wp-content/uploads/elementor/thumbs/area-juegos-salf3-pb34tgjfo8wwr3uz6nexnfb4z1iuefwmyntvupnp4w.jpg',1124,NULL,'image-in',13,NULL,NULL,NULL,NULL,NULL,NULL),(6643,'https://sanalbertodelaforesta.cl/wp-content/uploads/2021/08/areas-verdes-salf3.jpg',1124,3509,'image-in',13,NULL,77,80,4385,NULL,NULL),(6644,'https://sanalbertodelaforesta.cl/wp-content/uploads/elementor/thumbs/bicicleteros-salf3-pb34upnosamo8e1fv6x0z3x9hjcgnwvr4v56vzssu8.jpg',1124,NULL,'image-in',13,NULL,NULL,NULL,NULL,NULL,NULL),(6645,'https://sanalbertodelaforesta.cl/wp-content/uploads/2021/08/equipamiento-salf3.jpg',1124,3511,'image-in',13,NULL,79,80,4596,NULL,NULL),(6646,'https://sanalbertodelaforesta.cl/wp-content/uploads/elementor/thumbs/local-comercial-salf3-pb34vs72ki3fgehgm5kqbc75uc2ifi4qy5w3kc7nr4.jpg',1124,NULL,'image-in',13,NULL,NULL,NULL,NULL,NULL,NULL),(6647,'https://sanalbertodelaforesta.cl/wp-content/uploads/elementor/thumbs/juegos-inclusivos-salf3-pb34wvoajjlh00w47mn2828isinxeshh3lahpyl4hs.jpg',1124,NULL,'image-in',13,NULL,NULL,NULL,NULL,NULL,NULL),(6716,'https://sanalbertodelaforesta.cl/wp-content/uploads/2023/06/portada.jpg',6394,6359,'image-in',488,NULL,768,1024,181881,NULL,NULL),(6720,'https://sanalbertodelaforesta.cl/wp-content/uploads/2023/07/img1-avance-salf3.jpg',6394,6400,'image-in',488,NULL,390,528,37403,NULL,NULL),(6721,'https://sanalbertodelaforesta.cl/wp-content/uploads/2023/07/img2-avance-salf3.jpg',6394,6401,'image-in',488,NULL,390,528,10856,NULL,NULL),(6722,'https://sanalbertodelaforesta.cl/wp-content/uploads/2023/07/img3-avance-salf3.jpg',6394,6402,'image-in',488,NULL,390,528,9864,NULL,NULL),(6723,'https://sanalbertodelaforesta.cl/avances-de-obra-mes-junio/',2256,6394,'internal',25,488,NULL,NULL,NULL,NULL,NULL),(6724,'https://sanalbertodelaforesta.cl/wp-content/uploads/2023/07/img1-avance-salf3.jpg',2256,6400,'image-in',25,NULL,390,528,37403,NULL,NULL),(6776,'https://sanalbertodelaforesta.cl/wp-content/uploads/2023/08/img2.jpg',6440,NULL,'internal',489,NULL,NULL,NULL,NULL,NULL,NULL),(6777,'https://sanalbertodelaforesta.cl/wp-content/uploads/2023/08/img1.jpg',6440,NULL,'internal',489,NULL,NULL,NULL,NULL,NULL,NULL),(6778,'https://sanalbertodelaforesta.cl/wp-content/uploads/2023/08/img3.jpg',6440,NULL,'internal',489,NULL,NULL,NULL,NULL,NULL,NULL),(6780,'https://sanalbertodelaforesta.cl/wp-content/uploads/2023/08/img2.jpg',6440,6444,'image-in',489,NULL,966,768,46113,NULL,NULL),(6781,'https://sanalbertodelaforesta.cl/wp-content/uploads/2023/08/img1.jpg',6440,6445,'image-in',489,NULL,600,768,87327,NULL,NULL),(6782,'https://sanalbertodelaforesta.cl/wp-content/uploads/2023/08/img3.jpg',6440,6443,'image-in',489,NULL,966,768,45237,NULL,NULL),(6783,'https://sanalbertodelaforesta.cl/wp-content/uploads/2023/08/portada-ado.jpg',6440,6446,'image-in',489,NULL,768,1024,123581,NULL,NULL),(6784,'https://sanalbertodelaforesta.cl/avances-de-obra-mes-julio-2/',2256,6440,'internal',25,489,NULL,NULL,NULL,NULL,NULL),(6785,'https://sanalbertodelaforesta.cl/wp-content/uploads/2023/08/portada.jpg',2256,6452,'image-in',25,NULL,390,528,49751,NULL,NULL),(6786,'mailto:mschuman@mdai.cl',17,NULL,'external',6,NULL,NULL,NULL,NULL,NULL,NULL),(6789,'https://sanalbertodelaforesta.cl/wp-content/uploads/2023/09/img2.jpg',6488,NULL,'internal',490,NULL,NULL,NULL,NULL,NULL,NULL),(6790,'https://sanalbertodelaforesta.cl/wp-content/uploads/2023/09/img1.jpg',6488,NULL,'internal',490,NULL,NULL,NULL,NULL,NULL,NULL),(6791,'https://sanalbertodelaforesta.cl/wp-content/uploads/2023/09/IMG3.jpg',6488,NULL,'internal',490,NULL,NULL,NULL,NULL,NULL,NULL),(6793,'https://sanalbertodelaforesta.cl/wp-content/uploads/2023/09/img2.jpg',6488,6492,'image-in',490,NULL,860,600,38130,NULL,NULL),(6794,'https://sanalbertodelaforesta.cl/wp-content/uploads/2023/09/img1.jpg',6488,6493,'image-in',490,NULL,600,768,105272,NULL,NULL),(6795,'https://sanalbertodelaforesta.cl/wp-content/uploads/2023/09/IMG3.jpg',6488,6491,'image-in',490,NULL,860,600,41835,NULL,NULL),(6796,'https://sanalbertodelaforesta.cl/wp-content/uploads/2023/09/img.jpg',6488,6494,'image-in',490,NULL,768,1024,155928,NULL,NULL),(6797,'https://sanalbertodelaforesta.cl/avances-de-obra-mes-agosto-2/',2256,6488,'internal',25,490,NULL,NULL,NULL,NULL,NULL),(6798,'https://sanalbertodelaforesta.cl/wp-content/uploads/2023/09/h.jpg',2256,6499,'image-in',25,NULL,390,528,57946,NULL,NULL),(6805,'tel:+56965666877',17,NULL,'external',6,NULL,NULL,NULL,NULL,NULL,NULL),(6806,'https://api.whatsapp.com/send?phone=+56965666877&#038;text=%C2%A1Hola!%20Me%20interesa%20saber%20m%C3%A1s%20informaci%C3%B3n%20sobre...',17,NULL,'external',6,NULL,NULL,NULL,NULL,NULL,NULL),(6807,'tel:+56991758117',17,NULL,'external',6,NULL,NULL,NULL,NULL,NULL,NULL),(6808,'https://api.whatsapp.com/send?phone=+56991758117&#038;text=%C2%A1Hola!%20Me%20interesa%20saber%20m%C3%A1s%20informaci%C3%B3n%20sobre...',17,NULL,'external',6,NULL,NULL,NULL,NULL,NULL,NULL);


